{"id":27802,"date":"2026-01-26T11:25:51","date_gmt":"2026-01-26T10:25:51","guid":{"rendered":"https:\/\/www.outlet-electro.cz\/index.php\/produkt\/8kanalovy-5mp-1u-h-265-acusense-dvr-hikvision-ids-7208huhi-m1-s\/"},"modified":"2026-01-26T11:25:52","modified_gmt":"2026-01-26T10:25:52","slug":"8kanalovy-5mp-1u-h-265-acusense-dvr-hikvision-ids-7208huhi-m1-s","status":"publish","type":"product","link":"http:\/\/www.outlet-electro.cz\/index.php\/produkt\/8kanalovy-5mp-1u-h-265-acusense-dvr-hikvision-ids-7208huhi-m1-s\/","title":{"rendered":"8kan\u00e1lov\u00fd 5MP 1U H.265 AcuSense DVR Hikvision iDS-7208HUHI-M1\/S"},"content":{"rendered":"<h2 data-path-to-node=\"2\">Hikvision iDS-7208HUHI-M1\/S \u2013 Inteligentn\u00ed 4K Hybridn\u00ed DVR<\/h2>\n<p data-path-to-node=\"3\">Z\u00e1znamov\u00e9 za\u0159\u00edzen\u00ed iDS-7208HUHI-M1\/S p\u0159edstavuje \u0161pi\u010dkov\u00e9 \u0159e\u0161en\u00ed pro modern\u00ed kamerov\u00e9 syst\u00e9my. D\u00edky technologii <b data-path-to-node=\"3\" data-index-in-node=\"112\">AcuSense<\/b> dok\u00e1\u017ee efektivn\u011b filtrovat fale\u0161n\u00e9 poplachy (zp\u016fsoben\u00e9 nap\u0159\u00edklad zv\u00ed\u0159aty, list\u00edm nebo de\u0161t\u011bm) a zam\u011b\u0159uje se pouze na skute\u010dn\u00e9 c\u00edle \u2013 <b data-path-to-node=\"3\" data-index-in-node=\"254\">lidi a vozidla<\/b>. Podporuje vysok\u00e9 rozli\u0161en\u00ed a\u017e <b data-path-to-node=\"3\" data-index-in-node=\"300\">8 MP<\/b> a umo\u017e\u0148uje kombinovat analogov\u00e9 i IP kamery.<\/p>\n<h3 data-path-to-node=\"4\">Hlavn\u00ed p\u0159ednosti syst\u00e9mu AcuSense<\/h3>\n<ul data-path-to-node=\"5\">\n<li>\n<p data-path-to-node=\"5,0,0\"><b data-path-to-node=\"5,0,0\" data-index-in-node=\"0\">Detekce pohybu 2.0:<\/b> Ve v\u00fdchoz\u00edm nastaven\u00ed klasifikuje objekty na osoby a vozidla u v\u0161ech analogov\u00fdch kan\u00e1l\u016f, co\u017e drasticky sni\u017euje po\u010det fale\u0161n\u00fdch poplach\u016f.<\/p>\n<\/li>\n<li>\n<p data-path-to-node=\"5,1,0\"><b data-path-to-node=\"5,1,0\" data-index-in-node=\"0\">Ochrana perimetru:<\/b> Podpora pokro\u010dil\u00e9 anal\u00fdzy (naru\u0161en\u00ed z\u00f3ny, p\u0159ekro\u010den\u00ed \u010d\u00e1ry) a\u017e na <b data-path-to-node=\"5,1,0\" data-index-in-node=\"84\">4 kan\u00e1lech<\/b>.<\/p>\n<\/li>\n<li>\n<p data-path-to-node=\"5,2,0\"><b data-path-to-node=\"5,2,0\" data-index-in-node=\"0\">Detekce obli\u010deje:<\/b> Mo\u017enost zachycen\u00ed a vyhled\u00e1v\u00e1n\u00ed obli\u010dej\u016f v z\u00e1znamu.<\/p>\n<\/li>\n<li>\n<p data-path-to-node=\"5,3,0\"><b data-path-to-node=\"5,3,0\" data-index-in-node=\"0\">Efektivn\u00ed komprese:<\/b> Technologie <b data-path-to-node=\"5,3,0\" data-index-in-node=\"32\">H.265 Pro+<\/b> v\u00fdrazn\u011b sni\u017euje n\u00e1roky na \u00falo\u017ei\u0161t\u011b a \u0161\u00ed\u0159ku datov\u00e9ho p\u00e1sma p\u0159i zachov\u00e1n\u00ed vysok\u00e9 kvality obrazu.<\/p>\n<\/li>\n<\/ul>\n<hr data-path-to-node=\"6\" \/>\n<h3 data-path-to-node=\"7\">Technick\u00e9 specifikace<\/h3>\n<table data-path-to-node=\"8\">\n<thead>\n<tr>\n<td><strong>Parametr<\/strong><\/td>\n<td><strong>Hodnota<\/strong><\/td>\n<\/tr>\n<\/thead>\n<tbody>\n<tr>\n<td><span data-path-to-node=\"8,1,0,0\"><b data-path-to-node=\"8,1,0,0\" data-index-in-node=\"0\">Po\u010det kan\u00e1l\u016f (analog)<\/b><\/span><\/td>\n<td><span data-path-to-node=\"8,1,1,0\">8\u00d7 BNC (HDTVI \/ AHD \/ HDCVI \/ CVBS)<\/span><\/td>\n<\/tr>\n<tr>\n<td><span data-path-to-node=\"8,2,0,0\"><b data-path-to-node=\"8,2,0,0\" data-index-in-node=\"0\">Po\u010det IP kan\u00e1l\u016f<\/b><\/span><\/td>\n<td><span data-path-to-node=\"8,2,1,0\">4\u00d7 (v roz\u0161\u00ed\u0159en\u00e9m re\u017eimu a\u017e 16\u00d7 IP)<\/span><\/td>\n<\/tr>\n<tr>\n<td><span data-path-to-node=\"8,3,0,0\"><b data-path-to-node=\"8,3,0,0\" data-index-in-node=\"0\">Maxim\u00e1ln\u00ed rozli\u0161en\u00ed<\/b><\/span><\/td>\n<td><span data-path-to-node=\"8,3,1,0\">8 MP (HDTVI\/IP), 5 MP (AHD\/HDCVI)<\/span><\/td>\n<\/tr>\n<tr>\n<td><span data-path-to-node=\"8,4,0,0\"><b data-path-to-node=\"8,4,0,0\" data-index-in-node=\"0\">Video v\u00fdstupy<\/b><\/span><\/td>\n<td><span data-path-to-node=\"8,4,1,0\">1\u00d7 HDMI (4K), 1\u00d7 VGA (1080p), 1\u00d7 CVBS<\/span><\/td>\n<\/tr>\n<tr>\n<td><span data-path-to-node=\"8,5,0,0\"><b data-path-to-node=\"8,5,0,0\" data-index-in-node=\"0\">\u00dalo\u017ei\u0161t\u011b<\/b><\/span><\/td>\n<td><span data-path-to-node=\"8,5,1,0\">1\u00d7 SATA rozhran\u00ed (kapacita a\u017e 10 TB na disk)<\/span><\/td>\n<\/tr>\n<tr>\n<td><span data-path-to-node=\"8,6,0,0\"><b data-path-to-node=\"8,6,0,0\" data-index-in-node=\"0\">S\u00ed\u0165ov\u00e9 rozhran\u00ed<\/b><\/span><\/td>\n<td><span data-path-to-node=\"8,6,1,0\">1\u00d7 RJ45 10M\/100M\/1000M (Gigabit Ethernet)<\/span><\/td>\n<\/tr>\n<tr>\n<td><span data-path-to-node=\"8,7,0,0\"><b data-path-to-node=\"8,7,0,0\" data-index-in-node=\"0\">USB porty<\/b><\/span><\/td>\n<td><span data-path-to-node=\"8,7,1,0\">1\u00d7 USB 2.0 (p\u0159edn\u00ed), 1\u00d7 USB 3.0 (zadn\u00ed)<\/span><\/td>\n<\/tr>\n<tr>\n<td><span data-path-to-node=\"8,8,0,0\"><b data-path-to-node=\"8,8,0,0\" data-index-in-node=\"0\">Nap\u00e1jen\u00ed \/ Spot\u0159eba<\/b><\/span><\/td>\n<td><span data-path-to-node=\"8,8,1,0\">12 V DC \/ <span class=\"math-inline\" data-math=\"leq 10\" data-index-in-node=\"10\">$leq 10$<\/span> W (bez HDD)<\/span><\/td>\n<\/tr>\n<tr>\n<td><span data-path-to-node=\"8,9,0,0\"><b data-path-to-node=\"8,9,0,0\" data-index-in-node=\"0\">Rozm\u011bry<\/b><\/span><\/td>\n<td><span data-path-to-node=\"8,9,1,0\"><span class=\"math-inline\" data-math=\"315 times 242 times 45\" data-index-in-node=\"0\">$315 times 242 times 45$<\/span> mm<\/span><\/td>\n<\/tr>\n<\/tbody>\n<\/table>\n<h3 data-path-to-node=\"9\">Podporovan\u00e9 form\u00e1ty a sn\u00edmkov\u00e1n\u00ed<\/h3>\n<ul data-path-to-node=\"10\">\n<li>\n<p data-path-to-node=\"10,0,0\"><b data-path-to-node=\"10,0,0\" data-index-in-node=\"0\">8 MP:<\/b> p\u0159i 8 sn.\/s (pouze HDTVI)<\/p>\n<\/li>\n<li>\n<p data-path-to-node=\"10,1,0\"><b data-path-to-node=\"10,1,0\" data-index-in-node=\"0\">5 MP:<\/b> p\u0159i 12 sn.\/s<\/p>\n<\/li>\n<li>\n<p data-path-to-node=\"10,2,0\"><b data-path-to-node=\"10,2,0\" data-index-in-node=\"0\">4 MP \/ 1080p:<\/b> p\u0159i 25 sn.\/s (Full HD plynule)<\/p>\n<\/li>\n<li>\n<p data-path-to-node=\"10,3,0\"><b data-path-to-node=\"10,3,0\" data-index-in-node=\"0\">IP kamery:<\/b> a\u017e do rozli\u0161en\u00ed 8 MP<\/p>\n<\/li>\n<\/ul>\n<h3 data-path-to-node=\"11\">Rozhran\u00ed a konektivita<\/h3>\n<ul data-path-to-node=\"12\">\n<li>\n<p data-path-to-node=\"12,0,0\"><b data-path-to-node=\"12,0,0\" data-index-in-node=\"0\">Audio:<\/b> 1\u00d7 vstup \/ 1\u00d7 v\u00fdstup (RCA), podpora audia p\u0159es koaxi\u00e1ln\u00ed kabel.<\/p>\n<\/li>\n<li>\n<p data-path-to-node=\"12,1,0\"><b data-path-to-node=\"12,1,0\" data-index-in-node=\"0\">RS-485:<\/b> Pro ovl\u00e1d\u00e1n\u00ed PTZ kamer (polovi\u010dn\u00ed duplex).<\/p>\n<\/li>\n<li>\n<p data-path-to-node=\"12,2,0\"><b data-path-to-node=\"12,2,0\" data-index-in-node=\"0\">Vzd\u00e1len\u00fd p\u0159\u00edstup:<\/b> Slu\u017eba <b data-path-to-node=\"12,2,0\" data-index-in-node=\"25\">Hik-Connect<\/b> pro snadn\u00e9 sledov\u00e1n\u00ed z mobilu nebo tabletu.<\/p>\n<\/li>\n<\/ul>\n<hr data-path-to-node=\"13\" \/>\n<p data-path-to-node=\"14\"><b data-path-to-node=\"14\" data-index-in-node=\"0\">Obsah balen\u00ed:<\/b><\/p>\n<ul data-path-to-node=\"15\">\n<li>\n<p data-path-to-node=\"15,0,0\">Z\u00e1znamov\u00e9 za\u0159\u00edzen\u00ed iDS-7208HUHI-M1\/S<\/p>\n<\/li>\n<li>\n<p data-path-to-node=\"15,1,0\">Nap\u00e1jec\u00ed adapt\u00e9r<\/p>\n<\/li>\n<\/ul>\n<p data-path-to-node=\"16\"><b data-path-to-node=\"16\" data-index-in-node=\"0\">V\u00edte, \u017ee?<\/b> Tento DVR je &#8222;p\u011btihybridn\u00ed&#8220;, co\u017e znamen\u00e1, \u017ee k n\u011bmu m\u016f\u017eete p\u0159ipojit star\u0161\u00ed analogov\u00e9 kamery i nejmodern\u011bj\u0161\u00ed HD-TVI nebo IP kamery r\u016fzn\u00fdch v\u00fdrobc\u016f sou\u010dasn\u011b.<\/p>\n<p data-path-to-node=\"16\">&nbsp;<\/p>\n<p data-path-to-node=\"16\">Kr\u00e1tce pou\u017e\u00edvan\u00fd, pln\u011b funk\u010dn\u00ed produkt.<\/p>\n<p data-path-to-node=\"16\">Bazarov\u00fd produkt, z\u00e1ruka 12 m\u011bs\u00edc\u016f.<\/p>\n","protected":false},"excerpt":{"rendered":"<p>Hikvision iDS-7208HUHI-M1\/S \u2013 Inteligentn\u00ed 4K Hybridn\u00ed DVR Z\u00e1znamov\u00e9 za\u0159\u00edzen\u00ed iDS-7208HUHI-M1\/S p\u0159edstavuje \u0161pi\u010dkov\u00e9 \u0159e\u0161en\u00ed pro modern\u00ed kamerov\u00e9 syst\u00e9my. D\u00edky technologii AcuSense dok\u00e1\u017ee efektivn\u011b filtrovat fale\u0161n\u00e9 poplachy (zp\u016fsoben\u00e9 nap\u0159\u00edklad zv\u00ed\u0159aty, list\u00edm nebo de\u0161t\u011bm) a zam\u011b\u0159uje se pouze na skute\u010dn\u00e9 c\u00edle \u2013 lidi a vozidla. Podporuje vysok\u00e9 rozli\u0161en\u00ed a\u017e 8 MP a umo\u017e\u0148uje kombinovat analogov\u00e9 i IP kamery&#8230;.<\/p>\n","protected":false},"featured_media":27803,"comment_status":"closed","ping_status":"open","template":"","meta":{"_kadence_starter_templates_imported_post":false,"_kad_post_transparent":"","_kad_post_title":"","_kad_post_layout":"","_kad_post_sidebar_id":"","_kad_post_content_style":"","_kad_post_vertical_padding":"","_kad_post_feature":"","_kad_post_feature_position":"","_kad_post_header":false,"_kad_post_footer":false,"_kad_post_classname":""},"product_brand":[],"product_cat":[64,2429,391,2483,2482],"product_tag":[],"class_list":{"0":"post-27802","1":"product","2":"type-product","3":"status-publish","4":"has-post-thumbnail","6":"product_cat-elektronika","7":"product_cat-heureka-cz","8":"product_cat-pocitace-a-notebooky","9":"product_cat-rekordery-dvr-nvr","10":"product_cat-sitove-prvky","12":"first","13":"instock","14":"taxable","15":"shipping-taxable","16":"purchasable","17":"product-type-simple","18":"entry","19":"content-bg","20":"loop-entry"},"_links":{"self":[{"href":"http:\/\/www.outlet-electro.cz\/index.php\/wp-json\/wp\/v2\/product\/27802","targetHints":{"allow":["GET"]}}],"collection":[{"href":"http:\/\/www.outlet-electro.cz\/index.php\/wp-json\/wp\/v2\/product"}],"about":[{"href":"http:\/\/www.outlet-electro.cz\/index.php\/wp-json\/wp\/v2\/types\/product"}],"replies":[{"embeddable":true,"href":"http:\/\/www.outlet-electro.cz\/index.php\/wp-json\/wp\/v2\/comments?post=27802"}],"wp:featuredmedia":[{"embeddable":true,"href":"http:\/\/www.outlet-electro.cz\/index.php\/wp-json\/wp\/v2\/media\/27803"}],"wp:attachment":[{"href":"http:\/\/www.outlet-electro.cz\/index.php\/wp-json\/wp\/v2\/media?parent=27802"}],"wp:term":[{"taxonomy":"product_brand","embeddable":true,"href":"http:\/\/www.outlet-electro.cz\/index.php\/wp-json\/wp\/v2\/product_brand?post=27802"},{"taxonomy":"product_cat","embeddable":true,"href":"http:\/\/www.outlet-electro.cz\/index.php\/wp-json\/wp\/v2\/product_cat?post=27802"},{"taxonomy":"product_tag","embeddable":true,"href":"http:\/\/www.outlet-electro.cz\/index.php\/wp-json\/wp\/v2\/product_tag?post=27802"}],"curies":[{"name":"wp","href":"https:\/\/api.w.org\/{rel}","templated":true}]}}