{"id":27715,"date":"2026-01-26T11:25:45","date_gmt":"2026-01-26T10:25:45","guid":{"rendered":"https:\/\/www.outlet-electro.cz\/index.php\/produkt\/stolni-ventilator-sencor-sfe-3011bk\/"},"modified":"2026-01-26T11:25:46","modified_gmt":"2026-01-26T10:25:46","slug":"stolni-ventilator-sencor-sfe-3011bk","status":"publish","type":"product","link":"http:\/\/www.outlet-electro.cz\/index.php\/produkt\/stolni-ventilator-sencor-sfe-3011bk\/","title":{"rendered":"Stoln\u00ed ventil\u00e1tor Sencor SFE 3011BK"},"content":{"rendered":"<h2>Stoln\u00ed ventil\u00e1tor Sencor SFE 3011BK: Eleg\u00e1n, kter\u00fd zchlad\u00ed i ty nej\u017ehav\u011bj\u0161\u00ed dny!<\/h2>\n<p>&nbsp;<\/p>\n<p>U\u017e v\u00e1s nebav\u00ed, \u017ee se v l\u00e9t\u011b pot\u00edte i doma? S <b>stoln\u00edm ventil\u00e1torem Sencor SFE 3011BK<\/b> je konec nep\u0159\u00edjemn\u00e9mu horku! Tenhle <b>\u010dern\u00fd eleg\u00e1n<\/b> je tu, aby v\u00e1m zajistil p\u0159\u00edjemn\u00e9 osv\u011b\u017een\u00ed, a\u0165 u\u017e relaxujete, pracujete, nebo se jen sna\u017e\u00edte p\u0159e\u017e\u00edt dal\u0161\u00ed vlnu veder.<\/p>\n<hr \/>\n<p>&nbsp;<\/p>\n<h3>Kompaktn\u00ed, v\u00fdkonn\u00fd a v\u0161ude s v\u00e1mi!<\/h3>\n<p>&nbsp;<\/p>\n<p>Sencor SFE 3011BK je nejen <b>fe\u0161\u00e1k, co oku lahod\u00ed<\/b>, ale taky je <b>lehk\u00fd a kompaktn\u00ed<\/b>. S <b>lopatkami o d\u00e9lce 30 cm<\/b> vytvo\u0159\u00ed siln\u00fd proud vzduchu, kter\u00fd v\u00e1s zchlad\u00ed raz dva. D\u00edky <b>dlouh\u00e9mu p\u0159\u00edvodn\u00edmu kabelu<\/b> ho snadno p\u0159em\u00edst\u00edte kamkoli pot\u0159ebujete \u2013 a\u0165 u\u017e doma, v kancel\u00e1\u0159i nebo na cest\u00e1ch. U\u017eijte si sv\u011b\u017e\u00ed v\u00e1nek ze v\u0161ech kout\u016f m\u00edstnosti!<\/p>\n<p>S <b>t\u0159emi rychlostmi<\/b> si m\u016f\u017eete nastavit intenzitu osv\u011b\u017een\u00ed p\u0159esn\u011b podle sv\u00fdch p\u0159edstav. A s <b>automatickou horizont\u00e1ln\u00ed rotac\u00ed v \u00fahlu 90\u00b0<\/b> (kterou m\u016f\u017eete i vypnout) rozfoukne \u010derstv\u00fd vzduch po cel\u00e9 m\u00edstnosti, tak\u017ee se budete c\u00edtit v\u017edy spokojen\u011b.<\/p>\n<hr \/>\n<p>&nbsp;<\/p>\n<h3>Ticho, klid a bezpe\u010d\u00ed pro v\u00e1s i va\u0161e mazl\u00ed\u010dky<\/h3>\n<p>&nbsp;<\/p>\n<p>Jednou z nejlep\u0161\u00edch vlastnost\u00ed Sencoru SFE 3011BK je jeho <b>mimo\u0159\u00e1dn\u011b tich\u00fd chod \u2013 pouh\u00fdch 49 dB(A)<\/b>. M\u016f\u017eete s n\u00edm sp\u00e1t celou noc, ani\u017e by v\u00e1s ru\u0161il, a probouzet se odpo\u010dat\u00ed. Nav\u00edc m\u00e1 <b>minim\u00e1ln\u00ed spot\u0159ebu elekt\u0159iny s p\u0159\u00edkonem pouh\u00fdch 35 W<\/b>, tak\u017ee se nemus\u00edte b\u00e1t vysok\u00fdch \u00fa\u010dt\u016f.<\/p>\n<p>A co bezpe\u010dnost? Sencor myslel na v\u0161echno! Tenhle ventil\u00e1tor je vybaven <b>t\u0159emi bezpe\u010dnostn\u00edmi ji\u0161t\u011bn\u00edmi<\/b>, kter\u00e9 zaru\u010duj\u00ed <b>bezpe\u010dn\u00fd provoz pro d\u011bti, dosp\u011bl\u00e9 i dom\u00e1c\u00ed mazl\u00ed\u010dky<\/b>:<\/p>\n<ol start=\"1\">\n<li>\n<p><b>Pojistka proti p\u0159eh\u0159\u00e1t\u00ed<\/b>: M\u016f\u017ee b\u011b\u017eet dnem i noc\u00ed, ani\u017e by se p\u0159eh\u0159\u00e1l.<\/p>\n<\/li>\n<li>\n<p><b>P\u0159edn\u00ed a zadn\u00ed kovov\u00e1 m\u0159\u00ed\u017eka<\/b>: Chr\u00e1n\u00ed p\u0159ed zran\u011bn\u00edm od rotuj\u00edc\u00edch vrtul\u00ed.<\/p>\n<\/li>\n<li>\n<p><b>Vysoce stabiln\u00ed protiskluzov\u00e9 no\u017eky<\/b>: Dr\u017e\u00ed ventil\u00e1tor pevn\u011b na m\u00edst\u011b, a\u0165 u\u017e ho postav\u00edte kamkoli.<\/p>\n<\/li>\n<\/ol>\n<hr \/>\n<p>Sencor SFE 3011BK je zkr\u00e1tka ide\u00e1ln\u00ed spole\u010dn\u00edk pro hork\u00e9 letn\u00ed dny. Je efektivn\u00ed, tich\u00fd, bezpe\u010dn\u00fd a nav\u00edc skv\u011ble vypad\u00e1!<\/p>\n<p>&nbsp;<\/p>\n<p>Z\u00e1ruka 24 m\u011bs\u00edc\u016f.<\/p>\n","protected":false},"excerpt":{"rendered":"<p>Stoln\u00ed ventil\u00e1tor Sencor SFE 3011BK: Eleg\u00e1n, kter\u00fd zchlad\u00ed i ty nej\u017ehav\u011bj\u0161\u00ed dny! &nbsp; U\u017e v\u00e1s nebav\u00ed, \u017ee se v l\u00e9t\u011b pot\u00edte i doma? S stoln\u00edm ventil\u00e1torem Sencor SFE 3011BK je konec nep\u0159\u00edjemn\u00e9mu horku! Tenhle \u010dern\u00fd eleg\u00e1n je tu, aby v\u00e1m zajistil p\u0159\u00edjemn\u00e9 osv\u011b\u017een\u00ed, a\u0165 u\u017e relaxujete, pracujete, nebo se jen sna\u017e\u00edte p\u0159e\u017e\u00edt dal\u0161\u00ed vlnu veder&#8230;.<\/p>\n","protected":false},"featured_media":27716,"comment_status":"closed","ping_status":"open","template":"","meta":{"_kadence_starter_templates_imported_post":false,"_kad_post_transparent":"","_kad_post_title":"","_kad_post_layout":"","_kad_post_sidebar_id":"","_kad_post_content_style":"","_kad_post_vertical_padding":"","_kad_post_feature":"","_kad_post_feature_position":"","_kad_post_header":false,"_kad_post_footer":false,"_kad_post_classname":""},"product_brand":[],"product_cat":[400,333,401,2429],"product_tag":[],"class_list":{"0":"post-27715","1":"product","2":"type-product","3":"status-publish","4":"has-post-thumbnail","6":"product_cat-chlazeni-a-topeni","7":"product_cat-domaci-a-osobni-spotrebice","8":"product_cat-domaci-ventilatory","9":"product_cat-heureka-cz","11":"first","12":"instock","13":"taxable","14":"shipping-taxable","15":"purchasable","16":"product-type-simple","17":"entry","18":"content-bg","19":"loop-entry"},"_links":{"self":[{"href":"http:\/\/www.outlet-electro.cz\/index.php\/wp-json\/wp\/v2\/product\/27715","targetHints":{"allow":["GET"]}}],"collection":[{"href":"http:\/\/www.outlet-electro.cz\/index.php\/wp-json\/wp\/v2\/product"}],"about":[{"href":"http:\/\/www.outlet-electro.cz\/index.php\/wp-json\/wp\/v2\/types\/product"}],"replies":[{"embeddable":true,"href":"http:\/\/www.outlet-electro.cz\/index.php\/wp-json\/wp\/v2\/comments?post=27715"}],"wp:featuredmedia":[{"embeddable":true,"href":"http:\/\/www.outlet-electro.cz\/index.php\/wp-json\/wp\/v2\/media\/27716"}],"wp:attachment":[{"href":"http:\/\/www.outlet-electro.cz\/index.php\/wp-json\/wp\/v2\/media?parent=27715"}],"wp:term":[{"taxonomy":"product_brand","embeddable":true,"href":"http:\/\/www.outlet-electro.cz\/index.php\/wp-json\/wp\/v2\/product_brand?post=27715"},{"taxonomy":"product_cat","embeddable":true,"href":"http:\/\/www.outlet-electro.cz\/index.php\/wp-json\/wp\/v2\/product_cat?post=27715"},{"taxonomy":"product_tag","embeddable":true,"href":"http:\/\/www.outlet-electro.cz\/index.php\/wp-json\/wp\/v2\/product_tag?post=27715"}],"curies":[{"name":"wp","href":"https:\/\/api.w.org\/{rel}","templated":true}]}}