{"id":27713,"date":"2026-01-26T11:25:45","date_gmt":"2026-01-26T10:25:45","guid":{"rendered":"https:\/\/www.outlet-electro.cz\/index.php\/produkt\/stolni-ventilator-sencor-sfe-3027wh\/"},"modified":"2026-01-26T11:25:45","modified_gmt":"2026-01-26T10:25:45","slug":"stolni-ventilator-sencor-sfe-3027wh","status":"publish","type":"product","link":"http:\/\/www.outlet-electro.cz\/index.php\/produkt\/stolni-ventilator-sencor-sfe-3027wh\/","title":{"rendered":"Stoln\u00ed ventil\u00e1tor Sencor SFE 3027WH"},"content":{"rendered":"<h2>Stoln\u00ed ventil\u00e1tor Sencor SFE 3027WH: B\u00edl\u00fd princ, co zato\u010d\u00ed s horkem!<\/h2>\n<p>&nbsp;<\/p>\n<p>U\u017e se v\u00e1m d\u011bl\u00e1 nevolno z pomy\u0161len\u00ed na dal\u0161\u00ed hork\u00fd den? U\u017e \u017e\u00e1dn\u00e9 propocen\u00e9 noci a neproduktivn\u00ed odpoledne! <b>Stoln\u00ed ventil\u00e1tor Sencor SFE 3027WH<\/b> je tady, aby v\u00e1s spolehliv\u011b osv\u011b\u017eil a zbavil nep\u0159\u00edjemn\u00fdch pocit\u016f spojen\u00fdch s vedrem. S <b>30 cm dlouh\u00fdmi lopatkami<\/b> vytvo\u0159\u00ed ochlazuj\u00edc\u00ed proud vzduchu d\u0159\u00edv, ne\u017e \u0159eknete &#8222;uf!&#8220;.<\/p>\n<hr \/>\n<p>&nbsp;<\/p>\n<h3>Tam, kde ho pot\u0159ebujete, a p\u0159esn\u011b tak, jak ho pot\u0159ebujete!<\/h3>\n<p>&nbsp;<\/p>\n<p>D\u00edky sv\u00fdm <b>skromn\u00fdm rozm\u011br\u016fm, n\u00edzk\u00e9 hmotnosti a dlouh\u00e9mu nap\u00e1jec\u00edmu kabelu<\/b> je tenhle b\u00edl\u00fd fe\u0161\u00e1k dokonale p\u0159enosn\u00fd. M\u016f\u017eete ho pohodln\u011b p\u0159emis\u0165ovat z m\u00edstnosti do m\u00edstnosti, ze stolu na n\u00e1bytek, z domova do kancel\u00e1\u0159e, nebo klidn\u011b i na dovolenou. Bude v\u017edycky tam, kde ho nejv\u00edc pot\u0159ebujete!<\/p>\n<p>A\u0165 u\u017e je venku jen m\u00edrn\u00e9 teplo nebo po\u0159\u00e1dn\u00e1 v\u00fdhe\u0148, Sencor SFE 3027WH se v\u00e1m dokonale p\u0159izp\u016fsob\u00ed. <b>Snadn\u00fdm oto\u010den\u00edm regul\u00e1toru<\/b> si nastav\u00edte jeden ze <b>3 rychlostn\u00edch stup\u0148\u016f<\/b> a <b>sp\u00edna\u010dem regulujete sm\u011br proudu vzduchu<\/b>. Nav\u00edc m\u00e1 <b>automatickou horizont\u00e1ln\u00ed rotaci v \u00fahlu 90\u00b0 s mo\u017enost\u00ed vypnut\u00ed<\/b>, tak\u017ee si m\u016f\u017eete vybrat, jestli chcete osv\u011b\u017eit jen sebe, nebo celou m\u00edstnost.<\/p>\n<hr \/>\n<p>&nbsp;<\/p>\n<h3>Sp\u011bte jako miminko, \u0161et\u0159ete jako prof\u00edk!<\/h3>\n<p>&nbsp;<\/p>\n<p>Sencor SFE 3027WH je mistr v tichosti! S <b>hlu\u010dnost\u00ed pouh\u00fdch 50 dB(A)<\/b> zaji\u0161\u0165uje <b>neru\u0161en\u00fd sp\u00e1nek<\/b>, tak\u017ee u\u017e se nebudete p\u0159evalovat z boku na bok kv\u016fli vedru. Probu\u010fte se odpo\u010dat\u00ed a s osv\u011b\u017euj\u00edc\u00edm pocitem. A jako bonus m\u00e1 <b>p\u0159\u00edkon pouh\u00fdch 40 W<\/b>, tak\u017ee <b>\u0161et\u0159\u00ed spoustu elekt\u0159iny<\/b>. Va\u0161e pen\u011b\u017eenka i va\u0161e u\u0161i v\u00e1m pod\u011bkuj\u00ed!<\/p>\n<hr \/>\n<p>&nbsp;<\/p>\n<h3>Bezpe\u010dnost na prvn\u00edm m\u00edst\u011b (i s chlupat\u00fdmi mazl\u00ed\u010dky)!<\/h3>\n<p>&nbsp;<\/p>\n<p>Sencor myslel na v\u0161echny \u2013 d\u011bti, dosp\u011bl\u00e1ky, chlupat\u00e9 mazl\u00ed\u010dky i dom\u00e1c\u00ed fl\u00f3ru. <b>Pojistka proti p\u0159eh\u0159\u00e1t\u00ed<\/b> funguje, a\u0165 u\u017e b\u011b\u017e\u00ed ve dne v noci, a d\u00edky <b>protiskluzov\u00fdm no\u017ek\u00e1m<\/b> je <b>perfektn\u011b stabiln\u00ed<\/b> na jak\u00e9mkoli povrchu. A samoz\u0159ejm\u011b nesm\u00ed chyb\u011bt <b>p\u0159edn\u00ed i zadn\u00ed kovov\u00e1 m\u0159\u00ed\u017eka<\/b>, kter\u00e1 br\u00e1n\u00ed zran\u011bn\u00ed p\u0159i rotaci vrtul\u00ed. Se Sencorem SFE 3027WH budete zkr\u00e1tka v\u017edycky spokojen\u00ed!<\/p>\n<p>&nbsp;<\/p>\n<p>Z\u00e1ruka 24 m\u011bs\u00edc\u016f.<\/p>\n","protected":false},"excerpt":{"rendered":"<p>Stoln\u00ed ventil\u00e1tor Sencor SFE 3027WH: B\u00edl\u00fd princ, co zato\u010d\u00ed s horkem! &nbsp; U\u017e se v\u00e1m d\u011bl\u00e1 nevolno z pomy\u0161len\u00ed na dal\u0161\u00ed hork\u00fd den? U\u017e \u017e\u00e1dn\u00e9 propocen\u00e9 noci a neproduktivn\u00ed odpoledne! Stoln\u00ed ventil\u00e1tor Sencor SFE 3027WH je tady, aby v\u00e1s spolehliv\u011b osv\u011b\u017eil a zbavil nep\u0159\u00edjemn\u00fdch pocit\u016f spojen\u00fdch s vedrem. S 30 cm dlouh\u00fdmi lopatkami vytvo\u0159\u00ed ochlazuj\u00edc\u00ed&#8230;<\/p>\n","protected":false},"featured_media":27714,"comment_status":"closed","ping_status":"open","template":"","meta":{"_kadence_starter_templates_imported_post":false,"_kad_post_transparent":"","_kad_post_title":"","_kad_post_layout":"","_kad_post_sidebar_id":"","_kad_post_content_style":"","_kad_post_vertical_padding":"","_kad_post_feature":"","_kad_post_feature_position":"","_kad_post_header":false,"_kad_post_footer":false,"_kad_post_classname":""},"product_brand":[],"product_cat":[400,333,401,2429],"product_tag":[],"class_list":{"0":"post-27713","1":"product","2":"type-product","3":"status-publish","4":"has-post-thumbnail","6":"product_cat-chlazeni-a-topeni","7":"product_cat-domaci-a-osobni-spotrebice","8":"product_cat-domaci-ventilatory","9":"product_cat-heureka-cz","11":"first","12":"instock","13":"taxable","14":"shipping-taxable","15":"purchasable","16":"product-type-simple","17":"entry","18":"content-bg","19":"loop-entry"},"_links":{"self":[{"href":"http:\/\/www.outlet-electro.cz\/index.php\/wp-json\/wp\/v2\/product\/27713","targetHints":{"allow":["GET"]}}],"collection":[{"href":"http:\/\/www.outlet-electro.cz\/index.php\/wp-json\/wp\/v2\/product"}],"about":[{"href":"http:\/\/www.outlet-electro.cz\/index.php\/wp-json\/wp\/v2\/types\/product"}],"replies":[{"embeddable":true,"href":"http:\/\/www.outlet-electro.cz\/index.php\/wp-json\/wp\/v2\/comments?post=27713"}],"wp:featuredmedia":[{"embeddable":true,"href":"http:\/\/www.outlet-electro.cz\/index.php\/wp-json\/wp\/v2\/media\/27714"}],"wp:attachment":[{"href":"http:\/\/www.outlet-electro.cz\/index.php\/wp-json\/wp\/v2\/media?parent=27713"}],"wp:term":[{"taxonomy":"product_brand","embeddable":true,"href":"http:\/\/www.outlet-electro.cz\/index.php\/wp-json\/wp\/v2\/product_brand?post=27713"},{"taxonomy":"product_cat","embeddable":true,"href":"http:\/\/www.outlet-electro.cz\/index.php\/wp-json\/wp\/v2\/product_cat?post=27713"},{"taxonomy":"product_tag","embeddable":true,"href":"http:\/\/www.outlet-electro.cz\/index.php\/wp-json\/wp\/v2\/product_tag?post=27713"}],"curies":[{"name":"wp","href":"https:\/\/api.w.org\/{rel}","templated":true}]}}