{"id":27652,"date":"2026-01-26T11:25:38","date_gmt":"2026-01-26T10:25:38","guid":{"rendered":"https:\/\/www.outlet-electro.cz\/index.php\/produkt\/svicka-fajnpocit-jablko-se-skorici-doza\/"},"modified":"2026-01-26T11:25:39","modified_gmt":"2026-01-26T10:25:39","slug":"svicka-fajnpocit-jablko-se-skorici-doza","status":"publish","type":"product","link":"http:\/\/www.outlet-electro.cz\/index.php\/produkt\/svicka-fajnpocit-jablko-se-skorici-doza\/","title":{"rendered":"Sv\u00ed\u010dka Fajnpocit Jablko se sko\u0159ic\u00ed d\u00f3za"},"content":{"rendered":"<h3><strong>P\u0159edstavujeme sv\u00ed\u010dku Fajnpocit Jablko se sko\u0159ic\u00ed \u2013 v\u016fn\u011b podzimu, kter\u00e1 zah\u0159eje ka\u017ed\u00fd domov!<\/strong>  \ufe0f <\/h3>\n<p><span>  <strong>Sladk\u00e1 v\u016fn\u011b jablek se sko\u0159ic\u00ed<\/strong> \u2013 dokonal\u00e1 kombinace, kter\u00e1 v\u00e1m p\u0159ipomene babi\u010d\u010din \u0161tr\u00fadl nebo hork\u00fd podzimn\u00ed n\u00e1poj. <br \/>  <strong>Ru\u010dn\u011b a s l\u00e1skou vyr\u00e1b\u011bn\u00e1<\/strong> \u2013 jedine\u010dn\u00fd kousek, kter\u00fd je tvo\u0159en pe\u010dliv\u011b a s d\u016frazem na kvalitu. <br \/>  <strong>Mal\u00e1 d\u00f3za s v\u00ed\u010dkem<\/strong> \u2013 nejen kr\u00e1sn\u00e1, ale i praktick\u00e1 pro dlouhodob\u00e9 uchov\u00e1n\u00ed v\u016fn\u011b. <br \/>  <strong>Rozm\u011bry: 5 cm (pr\u016fm\u011br) \u00d7 7,5 cm (v\u00fd\u0161ka)<\/strong> \u2013 kompaktn\u00ed velikost, kter\u00e1 se hod\u00ed na ka\u017ed\u00fd st\u016fl, poli\u010dku \u010di no\u010dn\u00ed stolek.<\/span><\/p>\n<p><span>  <strong>Fajnpocit Jablko se sko\u0159ic\u00ed \u2013 sv\u00ed\u010dka, kter\u00e1 v\u00e1s obklop\u00ed pohodou a teplem domova!<\/strong>  \ufe0f\u2728 Tak co mysl\u00edte, u\u017e si p\u0159edstavujete tu h\u0159ejivou atmosf\u00e9ru?  <\/span><\/p>\n","protected":false},"excerpt":{"rendered":"<p>P\u0159edstavujeme sv\u00ed\u010dku Fajnpocit Jablko se sko\u0159ic\u00ed \u2013 v\u016fn\u011b podzimu, kter\u00e1 zah\u0159eje ka\u017ed\u00fd domov! \ufe0f Sladk\u00e1 v\u016fn\u011b jablek se sko\u0159ic\u00ed \u2013 dokonal\u00e1 kombinace, kter\u00e1 v\u00e1m p\u0159ipomene babi\u010d\u010din \u0161tr\u00fadl nebo hork\u00fd podzimn\u00ed n\u00e1poj. Ru\u010dn\u011b a s l\u00e1skou vyr\u00e1b\u011bn\u00e1 \u2013 jedine\u010dn\u00fd kousek, kter\u00fd je tvo\u0159en pe\u010dliv\u011b a s d\u016frazem na kvalitu. Mal\u00e1 d\u00f3za s v\u00ed\u010dkem \u2013 nejen kr\u00e1sn\u00e1,&#8230;<\/p>\n","protected":false},"featured_media":27653,"comment_status":"closed","ping_status":"open","template":"","meta":{"_kadence_starter_templates_imported_post":false,"_kad_post_transparent":"","_kad_post_title":"","_kad_post_layout":"","_kad_post_sidebar_id":"","_kad_post_content_style":"","_kad_post_vertical_padding":"","_kad_post_feature":"","_kad_post_feature_position":"","_kad_post_header":false,"_kad_post_footer":false,"_kad_post_classname":""},"product_brand":[],"product_cat":[379,549,2429,2187,2186],"product_tag":[],"class_list":{"0":"post-27652","1":"product","2":"type-product","3":"status-publish","4":"has-post-thumbnail","6":"product_cat-bydleni-a-doplnky","7":"product_cat-bytove-dekorace","8":"product_cat-heureka-cz","9":"product_cat-svicky","10":"product_cat-vune-do-bytu-a-svicky","12":"first","13":"instock","14":"taxable","15":"shipping-taxable","16":"purchasable","17":"product-type-simple","18":"entry","19":"content-bg","20":"loop-entry"},"_links":{"self":[{"href":"http:\/\/www.outlet-electro.cz\/index.php\/wp-json\/wp\/v2\/product\/27652","targetHints":{"allow":["GET"]}}],"collection":[{"href":"http:\/\/www.outlet-electro.cz\/index.php\/wp-json\/wp\/v2\/product"}],"about":[{"href":"http:\/\/www.outlet-electro.cz\/index.php\/wp-json\/wp\/v2\/types\/product"}],"replies":[{"embeddable":true,"href":"http:\/\/www.outlet-electro.cz\/index.php\/wp-json\/wp\/v2\/comments?post=27652"}],"wp:featuredmedia":[{"embeddable":true,"href":"http:\/\/www.outlet-electro.cz\/index.php\/wp-json\/wp\/v2\/media\/27653"}],"wp:attachment":[{"href":"http:\/\/www.outlet-electro.cz\/index.php\/wp-json\/wp\/v2\/media?parent=27652"}],"wp:term":[{"taxonomy":"product_brand","embeddable":true,"href":"http:\/\/www.outlet-electro.cz\/index.php\/wp-json\/wp\/v2\/product_brand?post=27652"},{"taxonomy":"product_cat","embeddable":true,"href":"http:\/\/www.outlet-electro.cz\/index.php\/wp-json\/wp\/v2\/product_cat?post=27652"},{"taxonomy":"product_tag","embeddable":true,"href":"http:\/\/www.outlet-electro.cz\/index.php\/wp-json\/wp\/v2\/product_tag?post=27652"}],"curies":[{"name":"wp","href":"https:\/\/api.w.org\/{rel}","templated":true}]}}