{"id":27485,"date":"2026-01-26T11:25:19","date_gmt":"2026-01-26T10:25:19","guid":{"rendered":"https:\/\/www.outlet-electro.cz\/index.php\/produkt\/holici-strojek-nikai-nk-1071\/"},"modified":"2026-01-26T11:25:21","modified_gmt":"2026-01-26T10:25:21","slug":"holici-strojek-nikai-nk-1071","status":"publish","type":"product","link":"http:\/\/www.outlet-electro.cz\/index.php\/produkt\/holici-strojek-nikai-nk-1071\/","title":{"rendered":"Holic\u00ed strojek Nikai NK-1071"},"content":{"rendered":"<p><span><strong>P\u0159edstavujeme v\u00e1m holic\u00ed strojek Nikai NK-1071<\/strong> \u2013 praktick\u00fd a v\u0161estrann\u00fd pomocn\u00edk pro dokonalou \u00fapravu vous\u016f!  \u2728<\/span><\/p>\n<h3><strong>Hlavn\u00ed vlastnosti:<\/strong><\/h3>\n<ul>\n<li>\n<p><span><strong>Nab\u00edjec\u00ed design<\/strong> \u2013 pohodln\u00e9 pou\u017eit\u00ed bez kabel\u016f<\/span><\/p>\n<\/li>\n<li>\n<p><span><strong>Vysunovac\u00ed \u010depel<\/strong> \u2013 ide\u00e1ln\u00ed pro precizn\u00ed zast\u0159i\u017een\u00ed kn\u00edru a kotlet<\/span><\/p>\n<\/li>\n<\/ul>\n<h3>\u2699 <strong>Dal\u0161\u00ed v\u00fdhody:<\/strong><\/h3>\n<ul>\n<li>\n<p><span><strong>Ergonomick\u00fd tvar<\/strong> \u2013 skv\u011ble padne do ruky a usnad\u0148uje manipulaci<\/span><\/p>\n<\/li>\n<li>\n<p><span><strong>Snadn\u00e9 \u010di\u0161t\u011bn\u00ed<\/strong> \u2013 konstrukce umo\u017e\u0148uje jednoduchou \u00fadr\u017ebu<\/span><\/p>\n<\/li>\n<\/ul>\n<p><span>Holic\u00ed strojek <strong>Nikai NK-1071<\/strong> je ide\u00e1ln\u00ed volbou pro ka\u017edodenn\u00ed p\u00e9\u010di o vousy. U\u017eijte si pohodln\u00e9 a precizn\u00ed holen\u00ed kdykoliv pot\u0159ebujete!  \u2728 P\u0159ipraveni na dokonale upraven\u00fd vzhled?  <\/span><\/p>\n<p>&nbsp;<\/p>\n<p><span>Bazarov\u00fd produkt, z\u00e1ruka 12 m\u011bs\u00edc\u016f.<\/span><\/p>\n","protected":false},"excerpt":{"rendered":"<p>P\u0159edstavujeme v\u00e1m holic\u00ed strojek Nikai NK-1071 \u2013 praktick\u00fd a v\u0161estrann\u00fd pomocn\u00edk pro dokonalou \u00fapravu vous\u016f! \u2728 Hlavn\u00ed vlastnosti: Nab\u00edjec\u00ed design \u2013 pohodln\u00e9 pou\u017eit\u00ed bez kabel\u016f Vysunovac\u00ed \u010depel \u2013 ide\u00e1ln\u00ed pro precizn\u00ed zast\u0159i\u017een\u00ed kn\u00edru a kotlet \u2699 Dal\u0161\u00ed v\u00fdhody: Ergonomick\u00fd tvar \u2013 skv\u011ble padne do ruky a usnad\u0148uje manipulaci Snadn\u00e9 \u010di\u0161t\u011bn\u00ed \u2013 konstrukce umo\u017e\u0148uje jednoduchou \u00fadr\u017ebu&#8230;<\/p>\n","protected":false},"featured_media":27486,"comment_status":"closed","ping_status":"open","template":"","meta":{"_kadence_starter_templates_imported_post":false,"_kad_post_transparent":"","_kad_post_title":"","_kad_post_layout":"","_kad_post_sidebar_id":"","_kad_post_content_style":"","_kad_post_vertical_padding":"","_kad_post_feature":"","_kad_post_feature_position":"","_kad_post_header":false,"_kad_post_footer":false,"_kad_post_classname":""},"product_brand":[],"product_cat":[333,2429,337,338,482],"product_tag":[],"class_list":{"0":"post-27485","1":"product","2":"type-product","3":"status-publish","4":"has-post-thumbnail","6":"product_cat-domaci-a-osobni-spotrebice","7":"product_cat-heureka-cz","8":"product_cat-pece-o-telo-a-zdravi","9":"product_cat-pece-o-vlasy-a-vousy","10":"product_cat-zastrihovace-vlasu-a-vousu","12":"first","13":"instock","14":"taxable","15":"shipping-taxable","16":"purchasable","17":"product-type-simple","18":"entry","19":"content-bg","20":"loop-entry"},"_links":{"self":[{"href":"http:\/\/www.outlet-electro.cz\/index.php\/wp-json\/wp\/v2\/product\/27485","targetHints":{"allow":["GET"]}}],"collection":[{"href":"http:\/\/www.outlet-electro.cz\/index.php\/wp-json\/wp\/v2\/product"}],"about":[{"href":"http:\/\/www.outlet-electro.cz\/index.php\/wp-json\/wp\/v2\/types\/product"}],"replies":[{"embeddable":true,"href":"http:\/\/www.outlet-electro.cz\/index.php\/wp-json\/wp\/v2\/comments?post=27485"}],"wp:featuredmedia":[{"embeddable":true,"href":"http:\/\/www.outlet-electro.cz\/index.php\/wp-json\/wp\/v2\/media\/27486"}],"wp:attachment":[{"href":"http:\/\/www.outlet-electro.cz\/index.php\/wp-json\/wp\/v2\/media?parent=27485"}],"wp:term":[{"taxonomy":"product_brand","embeddable":true,"href":"http:\/\/www.outlet-electro.cz\/index.php\/wp-json\/wp\/v2\/product_brand?post=27485"},{"taxonomy":"product_cat","embeddable":true,"href":"http:\/\/www.outlet-electro.cz\/index.php\/wp-json\/wp\/v2\/product_cat?post=27485"},{"taxonomy":"product_tag","embeddable":true,"href":"http:\/\/www.outlet-electro.cz\/index.php\/wp-json\/wp\/v2\/product_tag?post=27485"}],"curies":[{"name":"wp","href":"https:\/\/api.w.org\/{rel}","templated":true}]}}