{"id":27387,"date":"2026-01-26T11:25:10","date_gmt":"2026-01-26T10:25:10","guid":{"rendered":"https:\/\/www.outlet-electro.cz\/index.php\/produkt\/bluetooth-sluchatka-airuika-a-06\/"},"modified":"2026-01-26T11:25:11","modified_gmt":"2026-01-26T10:25:11","slug":"bluetooth-sluchatka-airuika-a-06","status":"publish","type":"product","link":"http:\/\/www.outlet-electro.cz\/index.php\/produkt\/bluetooth-sluchatka-airuika-a-06\/","title":{"rendered":"Bluetooth sluch\u00e1tka Airuika A-06"},"content":{"rendered":"<p><span>Seznamte se s Bluetooth sluch\u00e1tky Airuika A-06 \u2013 nen\u00e1padn\u00fdmi mistry britsk\u00e9 technologie, kte\u0159\u00ed zaji\u0161\u0165uj\u00ed vysokou kvalitu zvuku a z\u00e1rove\u0148 odolaj\u00ed i n\u00e1poru potu!  \u2728<\/span><\/p>\n<p><span>D\u00edky <strong>digit\u00e1ln\u00ed redukci \u0161umu<\/strong> a \u0161irokop\u00e1smov\u00e9mu p\u0159enosu si vychutn\u00e1te k\u0159i\u0161\u0165\u00e1lov\u011b \u010dist\u00fd zvuk bez ru\u0161en\u00ed. S <strong>vod\u011bodoln\u00fdm proveden\u00edm<\/strong> zvl\u00e1dnou i intenzivn\u00ed cvi\u010den\u00ed nebo de\u0161tivou proch\u00e1zku. <strong>Ergonomick\u00fd design<\/strong> v\u00e1s osln\u00ed pohodl\u00edm p\u0159i dlouhodob\u00e9m pou\u017e\u00edv\u00e1n\u00ed, a <strong>du\u00e1ln\u00ed podpora iOS a Android<\/strong> v\u00e1m zajist\u00ed bezprobl\u00e9movou kompatibilitu.<\/span><\/p>\n<p><span>Hlavn\u00ed kouzla:<\/span><\/p>\n<ul>\n<li>\n<p><span><strong>Komunika\u010dn\u00ed vzd\u00e1lenost 10 m<\/strong>: Sluch\u00e1tka v\u00e1m d\u00e1vaj\u00ed svobodu pohybu.<\/span><\/p>\n<\/li>\n<li>\n<p><span><strong>Nep\u0159etr\u017eit\u00fd hovor a\u017e 5 hodin<\/strong>: A nav\u00edc 120 hodin v pohotovostn\u00edm re\u017eimu \u2013 ide\u00e1ln\u00ed na dlouh\u00e9 hovory i \u010dek\u00e1n\u00ed na dal\u0161\u00ed hit.<\/span><\/p>\n<\/li>\n<li>\n<p><span><strong>Frekven\u010dn\u00ed odezva 20 Hz \u2013 20 kHz<\/strong>: Ka\u017ed\u00fd t\u00f3n a ka\u017ed\u00fd detail bude zn\u00edt dokonale.<\/span><\/p>\n<\/li>\n<\/ul>\n<p><span>Dal\u0161\u00ed vychyt\u00e1vky:<\/span><\/p>\n<ul>\n<li>\n<p><span><strong>Micro USB nab\u00edjec\u00ed port<\/strong>: Praktick\u00e9 a rychl\u00e9 nab\u00edjen\u00ed za 1,5\u20132 hodiny.<\/span><\/p>\n<\/li>\n<li>\n<p><span><strong>Kapacita baterie 90 mAh<\/strong>: V\u00fddr\u017e na nekone\u010dn\u00e9 hudebn\u00ed chv\u00edle.<\/span><\/p>\n<\/li>\n<li>\n<p><span><strong>Stylov\u00fd, odoln\u00fd design<\/strong>: Kombinace praktick\u00e9ho zpracov\u00e1n\u00ed a elegance.<\/span><\/p>\n<\/li>\n<\/ul>\n<p><span>Bluetooth sluch\u00e1tka Airuika A-06 nejsou jen sluch\u00e1tka \u2013 je to v\u00e1\u0161 partner pro z\u00e1bavu, hudbu a hovory, co zvl\u00e1dne i n\u00e1ro\u010dn\u00e9 podm\u00ednky. P\u0159ipravte se na poslechov\u00fd z\u00e1\u017eitek bez kompromis\u016f!  \u2728<\/span><\/p>\n<p>&nbsp;<\/p>\n<p>Bazarov\u00fd produkt, z\u00e1ruka 12 m\u011bs\u00edc\u016f.<\/p>\n","protected":false},"excerpt":{"rendered":"<p>Seznamte se s Bluetooth sluch\u00e1tky Airuika A-06 \u2013 nen\u00e1padn\u00fdmi mistry britsk\u00e9 technologie, kte\u0159\u00ed zaji\u0161\u0165uj\u00ed vysokou kvalitu zvuku a z\u00e1rove\u0148 odolaj\u00ed i n\u00e1poru potu! \u2728 D\u00edky digit\u00e1ln\u00ed redukci \u0161umu a \u0161irokop\u00e1smov\u00e9mu p\u0159enosu si vychutn\u00e1te k\u0159i\u0161\u0165\u00e1lov\u011b \u010dist\u00fd zvuk bez ru\u0161en\u00ed. S vod\u011bodoln\u00fdm proveden\u00edm zvl\u00e1dnou i intenzivn\u00ed cvi\u010den\u00ed nebo de\u0161tivou proch\u00e1zku. Ergonomick\u00fd design v\u00e1s osln\u00ed pohodl\u00edm p\u0159i dlouhodob\u00e9m&#8230;<\/p>\n","protected":false},"featured_media":27388,"comment_status":"closed","ping_status":"open","template":"","meta":{"_kadence_starter_templates_imported_post":false,"_kad_post_transparent":"","_kad_post_title":"","_kad_post_layout":"","_kad_post_sidebar_id":"","_kad_post_content_style":"","_kad_post_vertical_padding":"","_kad_post_feature":"","_kad_post_feature_position":"","_kad_post_header":false,"_kad_post_footer":false,"_kad_post_classname":""},"product_brand":[],"product_cat":[64,2457,2429,413,414,2456],"product_tag":[],"class_list":{"0":"post-27387","1":"product","2":"type-product","3":"status-publish","4":"has-post-thumbnail","6":"product_cat-elektronika","7":"product_cat-handsfree","8":"product_cat-heureka-cz","9":"product_cat-mobily-tablety-nositelna-elektronika","10":"product_cat-prislusenstvi-k-mobilum","11":"product_cat-sluchatka-reproduktory-handsfree","13":"first","14":"instock","15":"taxable","16":"shipping-taxable","17":"purchasable","18":"product-type-simple","19":"entry","20":"content-bg","21":"loop-entry"},"_links":{"self":[{"href":"http:\/\/www.outlet-electro.cz\/index.php\/wp-json\/wp\/v2\/product\/27387","targetHints":{"allow":["GET"]}}],"collection":[{"href":"http:\/\/www.outlet-electro.cz\/index.php\/wp-json\/wp\/v2\/product"}],"about":[{"href":"http:\/\/www.outlet-electro.cz\/index.php\/wp-json\/wp\/v2\/types\/product"}],"replies":[{"embeddable":true,"href":"http:\/\/www.outlet-electro.cz\/index.php\/wp-json\/wp\/v2\/comments?post=27387"}],"wp:featuredmedia":[{"embeddable":true,"href":"http:\/\/www.outlet-electro.cz\/index.php\/wp-json\/wp\/v2\/media\/27388"}],"wp:attachment":[{"href":"http:\/\/www.outlet-electro.cz\/index.php\/wp-json\/wp\/v2\/media?parent=27387"}],"wp:term":[{"taxonomy":"product_brand","embeddable":true,"href":"http:\/\/www.outlet-electro.cz\/index.php\/wp-json\/wp\/v2\/product_brand?post=27387"},{"taxonomy":"product_cat","embeddable":true,"href":"http:\/\/www.outlet-electro.cz\/index.php\/wp-json\/wp\/v2\/product_cat?post=27387"},{"taxonomy":"product_tag","embeddable":true,"href":"http:\/\/www.outlet-electro.cz\/index.php\/wp-json\/wp\/v2\/product_tag?post=27387"}],"curies":[{"name":"wp","href":"https:\/\/api.w.org\/{rel}","templated":true}]}}