{"id":27379,"date":"2026-01-26T11:25:06","date_gmt":"2026-01-26T10:25:06","guid":{"rendered":"https:\/\/www.outlet-electro.cz\/index.php\/produkt\/mala-digitalni-kuchynska-vaha-vitafit-vt707\/"},"modified":"2026-01-26T11:25:07","modified_gmt":"2026-01-26T10:25:07","slug":"mala-digitalni-kuchynska-vaha-vitafit-vt707","status":"publish","type":"product","link":"http:\/\/www.outlet-electro.cz\/index.php\/produkt\/mala-digitalni-kuchynska-vaha-vitafit-vt707\/","title":{"rendered":"Mal\u00e1 digit\u00e1ln\u00ed kuchy\u0148sk\u00e1 v\u00e1ha VITAFIT VT707"},"content":{"rendered":"<p><span>Seznamte se s malou digit\u00e1ln\u00ed kuchy\u0148skou v\u00e1hou VITAFIT VT707 \u2013 \u0161ikovnou v\u00e1hou s takovou kapacitou a p\u0159esnost\u00ed, \u017ee by j\u00ed z\u00e1vid\u011bly i profesion\u00e1ln\u00ed kucha\u0159sk\u00e9 show!  \u2728<\/span><\/p>\n<p><span>S \u00fa\u017easnou kapacitou <strong>a\u017e 15 kg<\/strong> a minim\u00e1ln\u00ed hmotnost\u00ed <strong>3 g<\/strong> zvl\u00e1dne jak obrovsk\u00fd dort, tak i \u0161petku soli \u2013 a to s odstup\u0148ov\u00e1n\u00edm po <strong>1 g<\/strong>. D\u00edky <strong>pokrokov\u00e9 technologii senzor\u016f<\/strong> se m\u016f\u017eete spolehnout na okam\u017eit\u00e9 a p\u0159esn\u00e9 v\u00fdsledky, a <strong>k\u0159i\u0161\u0165\u00e1lov\u011b \u010dist\u00fd LED displej<\/strong> v\u00e1m je zobraz\u00ed tak jasn\u011b, \u017ee ho p\u0159e\u010dtete i ve tm\u011b.<\/span><\/p>\n<p><span>Hlavn\u00ed kouzla:<\/span><\/p>\n<ul>\n<li>\n<p><span><strong>Funkce &#8222;nula&#8220; (t\u00e1ra)<\/strong>: M\u011b\u0159te v\u00edce p\u0159\u00edsad ve stejn\u00e9 n\u00e1dob\u011b bez pot\u0159eby vypr\u00e1zdn\u011bn\u00ed \u2013 \u0161et\u0159\u00ed \u010das i energii.<\/span><\/p>\n<\/li>\n<li>\n<p><span><strong>Univerz\u00e1ln\u00ed zobrazen\u00ed v\u00fdsledk\u016f<\/strong>: g, kg, oz nebo lb: oz \u2013 volba je na v\u00e1s!<\/span><\/p>\n<\/li>\n<li>\n<p><span><strong>Energeticky \u00fasporn\u00e9 automatick\u00e9 vypnut\u00ed<\/strong>: Va\u0161e baterie vydr\u017e\u00ed d\u00e9le, ne\u017e byste \u010dekali.<\/span><\/p>\n<\/li>\n<\/ul>\n<p><span>Dal\u0161\u00ed vychyt\u00e1vky:<\/span><\/p>\n<ul>\n<li>\n<p><span><strong>Vyrobeno z tvrzen\u00e9ho skla<\/strong>: Stylov\u00e9 a odoln\u00e9 \u2013 ide\u00e1ln\u00ed do ka\u017ed\u00e9 kuchyn\u011b.<\/span><\/p>\n<\/li>\n<li>\n<p><span><strong>Ukazatel slab\u00e9 baterie a p\u0159et\u00ed\u017een\u00ed<\/strong>: Z\u016fstanete v\u017edy v obraze.<\/span><\/p>\n<\/li>\n<li>\n<p><span><strong>Nap\u00e1jen\u00ed 3 AAA bateriemi<\/strong>: Praktick\u00e9 a jednoduch\u00e9, \u017e\u00e1dn\u00e9 slo\u017eitosti (baterie nejsou sou\u010d\u00e1st\u00ed balen\u00ed).<\/span><\/p>\n<\/li>\n<\/ul>\n<p><span>Mal\u00e1 digit\u00e1ln\u00ed kuchy\u0148sk\u00e1 v\u00e1ha VITAFIT VT707 nen\u00ed jen v\u00e1ha \u2013 je to v\u00e1\u0161 ne\u00fanavn\u00fd pomocn\u00edk, kter\u00fd prom\u011bn\u00ed ka\u017ed\u00e9 v\u00e1\u017een\u00ed v radost. P\u0159ipravte se na p\u0159esnost, styl a spoustu kuchy\u0148sk\u00e9 z\u00e1bavy!  <\/span><\/p>\n<p>&nbsp;<\/p>\n<p>&nbsp;<\/p>\n<p><span>Bazarov\u00fd produkt, z\u00e1ruka 12 m\u011bs\u00edc\u016f.<\/span><\/p>\n","protected":false},"excerpt":{"rendered":"<p>Seznamte se s malou digit\u00e1ln\u00ed kuchy\u0148skou v\u00e1hou VITAFIT VT707 \u2013 \u0161ikovnou v\u00e1hou s takovou kapacitou a p\u0159esnost\u00ed, \u017ee by j\u00ed z\u00e1vid\u011bly i profesion\u00e1ln\u00ed kucha\u0159sk\u00e9 show! \u2728 S \u00fa\u017easnou kapacitou a\u017e 15 kg a minim\u00e1ln\u00ed hmotnost\u00ed 3 g zvl\u00e1dne jak obrovsk\u00fd dort, tak i \u0161petku soli \u2013 a to s odstup\u0148ov\u00e1n\u00edm po 1 g. D\u00edky pokrokov\u00e9&#8230;<\/p>\n","protected":false},"featured_media":27380,"comment_status":"closed","ping_status":"open","template":"","meta":{"_kadence_starter_templates_imported_post":false,"_kad_post_transparent":"","_kad_post_title":"","_kad_post_layout":"","_kad_post_sidebar_id":"","_kad_post_content_style":"","_kad_post_vertical_padding":"","_kad_post_feature":"","_kad_post_feature_position":"","_kad_post_header":false,"_kad_post_footer":false,"_kad_post_classname":""},"product_brand":[],"product_cat":[333,2429,334,355,341,340,354],"product_tag":[],"class_list":{"0":"post-27379","1":"product","2":"type-product","3":"status-publish","4":"has-post-thumbnail","6":"product_cat-domaci-a-osobni-spotrebice","7":"product_cat-heureka-cz","8":"product_cat-kuchynske-spotrebice","9":"product_cat-kuchynske-vahy","10":"product_cat-male-kuchynske-spotrebice","11":"product_cat-priprava-jidla","12":"product_cat-vychytavky-do-kuchyne","14":"first","15":"instock","16":"taxable","17":"shipping-taxable","18":"purchasable","19":"product-type-simple","20":"entry","21":"content-bg","22":"loop-entry"},"_links":{"self":[{"href":"http:\/\/www.outlet-electro.cz\/index.php\/wp-json\/wp\/v2\/product\/27379","targetHints":{"allow":["GET"]}}],"collection":[{"href":"http:\/\/www.outlet-electro.cz\/index.php\/wp-json\/wp\/v2\/product"}],"about":[{"href":"http:\/\/www.outlet-electro.cz\/index.php\/wp-json\/wp\/v2\/types\/product"}],"replies":[{"embeddable":true,"href":"http:\/\/www.outlet-electro.cz\/index.php\/wp-json\/wp\/v2\/comments?post=27379"}],"wp:featuredmedia":[{"embeddable":true,"href":"http:\/\/www.outlet-electro.cz\/index.php\/wp-json\/wp\/v2\/media\/27380"}],"wp:attachment":[{"href":"http:\/\/www.outlet-electro.cz\/index.php\/wp-json\/wp\/v2\/media?parent=27379"}],"wp:term":[{"taxonomy":"product_brand","embeddable":true,"href":"http:\/\/www.outlet-electro.cz\/index.php\/wp-json\/wp\/v2\/product_brand?post=27379"},{"taxonomy":"product_cat","embeddable":true,"href":"http:\/\/www.outlet-electro.cz\/index.php\/wp-json\/wp\/v2\/product_cat?post=27379"},{"taxonomy":"product_tag","embeddable":true,"href":"http:\/\/www.outlet-electro.cz\/index.php\/wp-json\/wp\/v2\/product_tag?post=27379"}],"curies":[{"name":"wp","href":"https:\/\/api.w.org\/{rel}","templated":true}]}}