{"id":27375,"date":"2026-01-26T11:25:06","date_gmt":"2026-01-26T10:25:06","guid":{"rendered":"https:\/\/www.outlet-electro.cz\/index.php\/produkt\/vyhrivana-decka-silvercrest-swkd-100-a1\/"},"modified":"2026-01-26T11:25:07","modified_gmt":"2026-01-26T10:25:07","slug":"vyhrivana-decka-silvercrest-swkd-100-a1","status":"publish","type":"product","link":"http:\/\/www.outlet-electro.cz\/index.php\/produkt\/vyhrivana-decka-silvercrest-swkd-100-a1\/","title":{"rendered":"Vyh\u0159\u00edvan\u00e1 de\u010dka Silvercrest SWKD 100 A1"},"content":{"rendered":"<p><span>Seznamte se s vyh\u0159\u00edvanou de\u010dkou Silvercrest SWKD 100 A1 \u2013 va\u0161\u00edm osobn\u00edm tepl\u00fdm obj\u00edma\u010dem, kter\u00fd prom\u011bn\u00ed chladn\u00e9 ve\u010dery v p\u0159\u00edjemn\u00e9 chv\u00edle pohody a relaxace!  \u2728<\/span><\/p>\n<p><span>S <strong>\u0161esti teplotn\u00edmi nastaven\u00edmi<\/strong> (rozsah 38\u201346 \u00b0C) si m\u016f\u017eete vybrat p\u0159esn\u011b tu spr\u00e1vnou \u00farove\u0148 tepla, kterou si va\u0161e t\u011blo zaslou\u017e\u00ed. A co v\u00edc \u2013 d\u00edky <strong>automatick\u00e9mu vypnut\u00ed po 180 minut\u00e1ch<\/strong> u\u017e nemus\u00edte m\u00edt obavy, \u017ee usnete u ve\u010dern\u00edho filmu.<\/span><\/p>\n<p><span>Hlavn\u00ed kouzla:<\/span><\/p>\n<ul>\n<li>\n<p><span><strong>M\u011bkk\u00fd, nad\u00fdchan\u00fd a prody\u0161n\u00fd polyesterov\u00fd materi\u00e1l<\/strong> \u2013 ide\u00e1ln\u00ed na leno\u0161en\u00ed s \u0161\u00e1lkem hork\u00e9ho \u010daje.<\/span><\/p>\n<\/li>\n<li>\n<p><span><strong>Odn\u00edmateln\u00fd ovl\u00e1dac\u00ed panel<\/strong>: Snadn\u00e9 \u010di\u0161t\u011bn\u00ed bez zbyte\u010dn\u00fdch pot\u00ed\u017e\u00ed.<\/span><\/p>\n<\/li>\n<li>\n<p><span><strong>Pran\u00ed v pra\u010dce na 30 \u00b0C (\u0161etrn\u00fd cyklus)<\/strong> \u2013 proto\u017ee ani deka nemus\u00ed z\u016fst\u00e1vat &#8222;upocen\u00e1&#8220;.<\/span><\/p>\n<\/li>\n<\/ul>\n<p><span>Dal\u0161\u00ed vychyt\u00e1vky:<\/span><\/p>\n<ul>\n<li>\n<p><span><strong>\u010cerven\u00e9 LED sv\u011btlo<\/strong>: Kdy\u017e je zapnut\u00e1, sv\u00edt\u00ed a zah\u0159\u00edv\u00e1 \u2013 ide\u00e1ln\u00ed spojen\u00ed funkce a stylu.<\/span><\/p>\n<\/li>\n<li>\n<p><span><strong>Kabel o d\u00e9lce 2,80 m<\/strong>: Dostate\u010dn\u011b dlouh\u00fd na to, abyste mohli relaxovat kdekoliv.<\/span><\/p>\n<\/li>\n<li>\n<p><span><strong>Elektronick\u00e1 regulace s bezpe\u010dnostn\u00edm syst\u00e9mem<\/strong>: Teplo bez obav a stresu.<\/span><\/p>\n<\/li>\n<\/ul>\n<p><span>Vyh\u0159\u00edvan\u00e1 de\u010dka Silvercrest SWKD 100 A1 nen\u00ed jen oby\u010dejn\u00e1 deka \u2013 je to v\u00e1\u0161 osobn\u00ed termostat a mazliv\u00fd par\u0165\u00e1k, kter\u00fd v\u00e1s zah\u0159eje p\u0159i jak\u00e9koliv p\u0159\u00edle\u017eitosti. P\u0159ipravte se na okam\u017eiky komfortu, jak\u00e9 si zaslou\u017e\u00edte!  <\/span><\/p>\n<p>&nbsp;<\/p>\n<p>&nbsp;<\/p>\n<p><span>Bazarov\u00fd produkt, z\u00e1ruka 12 m\u011bs\u00edc\u016f.<\/span><\/p>\n","protected":false},"excerpt":{"rendered":"<p>Seznamte se s vyh\u0159\u00edvanou de\u010dkou Silvercrest SWKD 100 A1 \u2013 va\u0161\u00edm osobn\u00edm tepl\u00fdm obj\u00edma\u010dem, kter\u00fd prom\u011bn\u00ed chladn\u00e9 ve\u010dery v p\u0159\u00edjemn\u00e9 chv\u00edle pohody a relaxace! \u2728 S \u0161esti teplotn\u00edmi nastaven\u00edmi (rozsah 38\u201346 \u00b0C) si m\u016f\u017eete vybrat p\u0159esn\u011b tu spr\u00e1vnou \u00farove\u0148 tepla, kterou si va\u0161e t\u011blo zaslou\u017e\u00ed. A co v\u00edc \u2013 d\u00edky automatick\u00e9mu vypnut\u00ed po 180 minut\u00e1ch&#8230;<\/p>\n","protected":false},"featured_media":27376,"comment_status":"closed","ping_status":"open","template":"","meta":{"_kadence_starter_templates_imported_post":false,"_kad_post_transparent":"","_kad_post_title":"","_kad_post_layout":"","_kad_post_sidebar_id":"","_kad_post_content_style":"","_kad_post_vertical_padding":"","_kad_post_feature":"","_kad_post_feature_position":"","_kad_post_header":false,"_kad_post_footer":false,"_kad_post_classname":""},"product_brand":[],"product_cat":[333,353,2429,337,352],"product_tag":[],"class_list":{"0":"post-27375","1":"product","2":"type-product","3":"status-publish","4":"has-post-thumbnail","6":"product_cat-domaci-a-osobni-spotrebice","7":"product_cat-elektricke-decky","8":"product_cat-heureka-cz","9":"product_cat-pece-o-telo-a-zdravi","10":"product_cat-pece-o-zdravi","12":"first","13":"instock","14":"taxable","15":"shipping-taxable","16":"purchasable","17":"product-type-simple","18":"entry","19":"content-bg","20":"loop-entry"},"_links":{"self":[{"href":"http:\/\/www.outlet-electro.cz\/index.php\/wp-json\/wp\/v2\/product\/27375","targetHints":{"allow":["GET"]}}],"collection":[{"href":"http:\/\/www.outlet-electro.cz\/index.php\/wp-json\/wp\/v2\/product"}],"about":[{"href":"http:\/\/www.outlet-electro.cz\/index.php\/wp-json\/wp\/v2\/types\/product"}],"replies":[{"embeddable":true,"href":"http:\/\/www.outlet-electro.cz\/index.php\/wp-json\/wp\/v2\/comments?post=27375"}],"wp:featuredmedia":[{"embeddable":true,"href":"http:\/\/www.outlet-electro.cz\/index.php\/wp-json\/wp\/v2\/media\/27376"}],"wp:attachment":[{"href":"http:\/\/www.outlet-electro.cz\/index.php\/wp-json\/wp\/v2\/media?parent=27375"}],"wp:term":[{"taxonomy":"product_brand","embeddable":true,"href":"http:\/\/www.outlet-electro.cz\/index.php\/wp-json\/wp\/v2\/product_brand?post=27375"},{"taxonomy":"product_cat","embeddable":true,"href":"http:\/\/www.outlet-electro.cz\/index.php\/wp-json\/wp\/v2\/product_cat?post=27375"},{"taxonomy":"product_tag","embeddable":true,"href":"http:\/\/www.outlet-electro.cz\/index.php\/wp-json\/wp\/v2\/product_tag?post=27375"}],"curies":[{"name":"wp","href":"https:\/\/api.w.org\/{rel}","templated":true}]}}