{"id":27313,"date":"2026-01-26T11:25:03","date_gmt":"2026-01-26T10:25:03","guid":{"rendered":"https:\/\/www.outlet-electro.cz\/index.php\/produkt\/susicka-potravin-philco-phfd-5080\/"},"modified":"2026-01-26T11:25:03","modified_gmt":"2026-01-26T10:25:03","slug":"susicka-potravin-philco-phfd-5080","status":"publish","type":"product","link":"http:\/\/www.outlet-electro.cz\/index.php\/produkt\/susicka-potravin-philco-phfd-5080\/","title":{"rendered":"Su\u0161i\u010dka potravin Philco PHFD 5080"},"content":{"rendered":"<p><span>P\u0159edstavuje se su\u0161i\u010dka potravin Philco PHFD 5080 \u2013 v\u00e1\u0161 ne\u00fanavn\u00fd kuchy\u0148sk\u00fd m\u00e1g, kter\u00fd prom\u011bn\u00ed ovoce, houby nebo bylinky ve vo\u0148avou a k\u0159upavou radost!  \u2728<\/span><\/p>\n<p><span>Tento spolehliv\u00fd par\u0165\u00e1k se py\u0161n\u00ed <strong>8 zdravotn\u011b nez\u00e1vadn\u00fdmi platy<\/strong>, d\u00edky kter\u00fdm m\u00e1te dostatek prostoru pro su\u0161en\u00ed v\u0161eho, co si jen p\u0159edstav\u00edte \u2013 od bylinek a\u017e po maso. A d\u00edky <strong>pr\u016fhledn\u00fdm plat\u016fm<\/strong> m\u016f\u017eete obdivovat proces su\u0161en\u00ed, proto\u017ee kdo by necht\u011bl sledovat, jak se jablko m\u011bn\u00ed v neodolateln\u00fd snack?<\/span><\/p>\n<p><span>Hlavn\u00ed kouzla:<\/span><\/p>\n<ul>\n<li>\n<p><span><strong>Nastaven\u00ed teploty 35\u201370 \u00b0C<\/strong>: Ka\u017ed\u00e1 potravina dostane p\u00e9\u010di na m\u00edru.<\/span><\/p>\n<\/li>\n<li>\n<p><span><strong>\u010casova\u010d a\u017e na 48 hodin<\/strong>: V klidu usu\u0161\u00ed, zat\u00edmco vy relaxujete.<\/span><\/p>\n<\/li>\n<li>\n<p><span><strong>Rovnom\u011brn\u00fd su\u0161\u00edc\u00ed proces<\/strong>: D\u00edky siln\u00e9mu ventil\u00e1toru je ka\u017ed\u00e9 plat\u00ed\u010dko stejn\u011b dokonal\u00e9.<\/span><\/p>\n<\/li>\n<\/ul>\n<p><span>Dal\u0161\u00ed vychyt\u00e1vky:<\/span><\/p>\n<ul>\n<li>\n<p><span><strong>BPA free materi\u00e1ly<\/strong>: Zdravotn\u011b nez\u00e1vadn\u00e9, jen to nejlep\u0161\u00ed pro va\u0161e pochoutky.<\/span><\/p>\n<\/li>\n<li>\n<p><span><strong>Kompaktn\u00ed design (3 kg)<\/strong>: Lehk\u00e1 a snadno skladovateln\u00e1, a\u0165 u\u017e doma nebo na chalup\u011b.<\/span><\/p>\n<\/li>\n<li>\n<p><span><strong>Ochrana proti p\u0159eh\u0159\u00e1t\u00ed<\/strong>: Bezpe\u010dnost je na prvn\u00edm m\u00edst\u011b.<\/span><\/p>\n<\/li>\n<\/ul>\n<p><span>Su\u0161i\u010dka potravin Philco PHFD 5080 nen\u00ed jen spot\u0159ebi\u010d \u2013 je to v\u00e1\u0161 spolehliv\u00fd partner pro zdrav\u00e9 sva\u010dinky, dom\u00e1c\u00ed delikatesy a vo\u0148av\u00e9 z\u00e1soby na cel\u00fd rok. P\u0159ipravte se na kreativn\u00ed kucha\u0159sk\u00e9 dobrodru\u017estv\u00ed!  \u2728<\/span><\/p>\n<p>&nbsp;<\/p>\n<p><span>Z\u00e1ruka 24 m\u011bs\u00edc\u016f.<\/span><\/p>\n","protected":false},"excerpt":{"rendered":"<p>P\u0159edstavuje se su\u0161i\u010dka potravin Philco PHFD 5080 \u2013 v\u00e1\u0161 ne\u00fanavn\u00fd kuchy\u0148sk\u00fd m\u00e1g, kter\u00fd prom\u011bn\u00ed ovoce, houby nebo bylinky ve vo\u0148avou a k\u0159upavou radost! \u2728 Tento spolehliv\u00fd par\u0165\u00e1k se py\u0161n\u00ed 8 zdravotn\u011b nez\u00e1vadn\u00fdmi platy, d\u00edky kter\u00fdm m\u00e1te dostatek prostoru pro su\u0161en\u00ed v\u0161eho, co si jen p\u0159edstav\u00edte \u2013 od bylinek a\u017e po maso. A d\u00edky pr\u016fhledn\u00fdm plat\u016fm&#8230;<\/p>\n","protected":false},"featured_media":27314,"comment_status":"closed","ping_status":"open","template":"","meta":{"_kadence_starter_templates_imported_post":false,"_kad_post_transparent":"","_kad_post_title":"","_kad_post_layout":"","_kad_post_sidebar_id":"","_kad_post_content_style":"","_kad_post_vertical_padding":"","_kad_post_feature":"","_kad_post_feature_position":"","_kad_post_header":false,"_kad_post_footer":false,"_kad_post_classname":""},"product_brand":[],"product_cat":[333,2429,334,341,340,494,354],"product_tag":[],"class_list":{"0":"post-27313","1":"product","2":"type-product","3":"status-publish","4":"has-post-thumbnail","6":"product_cat-domaci-a-osobni-spotrebice","7":"product_cat-heureka-cz","8":"product_cat-kuchynske-spotrebice","9":"product_cat-male-kuchynske-spotrebice","10":"product_cat-priprava-jidla","11":"product_cat-susicky-potravin","12":"product_cat-vychytavky-do-kuchyne","14":"first","15":"instock","16":"taxable","17":"shipping-taxable","18":"purchasable","19":"product-type-simple","20":"entry","21":"content-bg","22":"loop-entry"},"_links":{"self":[{"href":"http:\/\/www.outlet-electro.cz\/index.php\/wp-json\/wp\/v2\/product\/27313","targetHints":{"allow":["GET"]}}],"collection":[{"href":"http:\/\/www.outlet-electro.cz\/index.php\/wp-json\/wp\/v2\/product"}],"about":[{"href":"http:\/\/www.outlet-electro.cz\/index.php\/wp-json\/wp\/v2\/types\/product"}],"replies":[{"embeddable":true,"href":"http:\/\/www.outlet-electro.cz\/index.php\/wp-json\/wp\/v2\/comments?post=27313"}],"wp:featuredmedia":[{"embeddable":true,"href":"http:\/\/www.outlet-electro.cz\/index.php\/wp-json\/wp\/v2\/media\/27314"}],"wp:attachment":[{"href":"http:\/\/www.outlet-electro.cz\/index.php\/wp-json\/wp\/v2\/media?parent=27313"}],"wp:term":[{"taxonomy":"product_brand","embeddable":true,"href":"http:\/\/www.outlet-electro.cz\/index.php\/wp-json\/wp\/v2\/product_brand?post=27313"},{"taxonomy":"product_cat","embeddable":true,"href":"http:\/\/www.outlet-electro.cz\/index.php\/wp-json\/wp\/v2\/product_cat?post=27313"},{"taxonomy":"product_tag","embeddable":true,"href":"http:\/\/www.outlet-electro.cz\/index.php\/wp-json\/wp\/v2\/product_tag?post=27313"}],"curies":[{"name":"wp","href":"https:\/\/api.w.org\/{rel}","templated":true}]}}