{"id":27279,"date":"2026-01-26T11:24:59","date_gmt":"2026-01-26T10:24:59","guid":{"rendered":"https:\/\/www.outlet-electro.cz\/index.php\/produkt\/sportovni-ledvinka-aligator-pf0002\/"},"modified":"2026-01-26T11:25:00","modified_gmt":"2026-01-26T10:25:00","slug":"sportovni-ledvinka-aligator-pf0002","status":"publish","type":"product","link":"http:\/\/www.outlet-electro.cz\/index.php\/produkt\/sportovni-ledvinka-aligator-pf0002\/","title":{"rendered":"Sportovn\u00ed ledvinka Aligator PF0002"},"content":{"rendered":"<p><span>P\u0159edstavujeme sportovn\u00ed ledvinku Aligator PF0002 \u2013 v\u00e1\u0161 praktick\u00fd, stylov\u00fd a spolehliv\u00fd par\u0165\u00e1k na b\u011bh\u00e1n\u00ed, t\u00fary nebo jen tak proch\u00e1zky, kter\u00fd udr\u017e\u00ed va\u0161e cennosti v bezpe\u010d\u00ed a v\u00e1\u0161 styl na \u0161pi\u010dce!  \u200d\u2642\ufe0f\u2728<\/span><\/p>\n<p><span>S <strong>4 vnit\u0159n\u00edmi kapsami<\/strong> nab\u00edz\u00ed dostatek m\u00edsta na v\u0161echno podstatn\u00e9 \u2013 od kl\u00ed\u010d\u016f p\u0159es mobil a\u017e po tajn\u00e9 sva\u010dinky. <strong>Otvor na sluch\u00e1tka<\/strong> zase zajist\u00ed, \u017ee si p\u0159i pohybu u\u017eijete sv\u016fj obl\u00edben\u00fd playlist bez zbyte\u010dn\u00fdch komplikac\u00ed.<\/span><\/p>\n<p><span>Hlavn\u00ed kouzla:<\/span><\/p>\n<ul>\n<li>\n<p><span><strong>Reflexn\u00ed prvky<\/strong>: Va\u0161e bezpe\u010dnost je na prvn\u00edm m\u00edst\u011b, a\u0165 u\u017e tr\u00e9nujete brzy r\u00e1no nebo pozd\u011b ve\u010der.<\/span><\/p>\n<\/li>\n<li>\n<p><span><strong>Lehk\u00fd nepromokav\u00fd materi\u00e1l<\/strong>: Perfektn\u00ed pro v\u0161echny podm\u00ednky \u2013 d\u00e9\u0161\u0165 nem\u00e1 \u0161anci!<\/span><\/p>\n<\/li>\n<li>\n<p><span><strong>Nastaviteln\u00fd elastick\u00fd popruh<\/strong>: Pohodl\u00ed pro v\u0161echny velikosti i aktivity.<\/span><\/p>\n<\/li>\n<\/ul>\n<p><span>Dal\u0161\u00ed vychyt\u00e1vky:<\/span><\/p>\n<ul>\n<li>\n<p><span><strong>Zip s PU z\u00e1t\u011brem<\/strong>: Spolehliv\u00e1 ochrana proti vlhkosti.<\/span><\/p>\n<\/li>\n<li>\n<p><span><strong>Kompaktn\u00ed design (200 \u00d7 100 mm)<\/strong>: Mal\u00e1, ale \u0161ikovn\u00e1 \u2013 ide\u00e1ln\u00ed na cestu i sport.<\/span><\/p>\n<\/li>\n<li>\n<p><span><strong>Stylov\u00e1 prakti\u010dnost<\/strong>: Proto\u017ee kdo \u0159\u00edk\u00e1, \u017ee praktick\u00e9 v\u011bci nemohou vypadat dob\u0159e?<\/span><\/p>\n<\/li>\n<\/ul>\n<p><span>Sportovn\u00ed ledvinka Aligator PF0002 nen\u00ed jen dopln\u011bk \u2013 je to v\u00e1\u0161 pomocn\u00edk na cesty, kter\u00fd zvl\u00e1dne ka\u017edou v\u00fdzvu s v\u00e1mi. P\u0159ipravte se na dobrodru\u017estv\u00ed, kter\u00e1 budete m\u00edt v\u017edy po ruce!  <\/span><\/p>\n<p>&nbsp;<\/p>\n<p><span>Z\u00e1ruka 24 m\u011bs\u00edc\u016f.<\/span><\/p>\n","protected":false},"excerpt":{"rendered":"<p>P\u0159edstavujeme sportovn\u00ed ledvinku Aligator PF0002 \u2013 v\u00e1\u0161 praktick\u00fd, stylov\u00fd a spolehliv\u00fd par\u0165\u00e1k na b\u011bh\u00e1n\u00ed, t\u00fary nebo jen tak proch\u00e1zky, kter\u00fd udr\u017e\u00ed va\u0161e cennosti v bezpe\u010d\u00ed a v\u00e1\u0161 styl na \u0161pi\u010dce! \u200d\u2642\ufe0f\u2728 S 4 vnit\u0159n\u00edmi kapsami nab\u00edz\u00ed dostatek m\u00edsta na v\u0161echno podstatn\u00e9 \u2013 od kl\u00ed\u010d\u016f p\u0159es mobil a\u017e po tajn\u00e9 sva\u010dinky. Otvor na sluch\u00e1tka zase zajist\u00ed,&#8230;<\/p>\n","protected":false},"featured_media":27280,"comment_status":"closed","ping_status":"open","template":"","meta":{"_kadence_starter_templates_imported_post":false,"_kad_post_transparent":"","_kad_post_title":"","_kad_post_layout":"","_kad_post_sidebar_id":"","_kad_post_content_style":"","_kad_post_vertical_padding":"","_kad_post_feature":"","_kad_post_feature_position":"","_kad_post_header":false,"_kad_post_footer":false,"_kad_post_classname":""},"product_brand":[],"product_cat":[2459,2429,2460,2325,2324],"product_tag":[],"class_list":{"0":"post-27279","1":"product","2":"type-product","3":"status-publish","4":"has-post-thumbnail","6":"product_cat-batohy-tasky-a-kabelky","7":"product_cat-heureka-cz","8":"product_cat-ledvinky","9":"product_cat-modni-doplnky","10":"product_cat-obleceni-obuv-a-doplnky","12":"first","13":"instock","14":"taxable","15":"shipping-taxable","16":"purchasable","17":"product-type-simple","18":"entry","19":"content-bg","20":"loop-entry"},"_links":{"self":[{"href":"http:\/\/www.outlet-electro.cz\/index.php\/wp-json\/wp\/v2\/product\/27279","targetHints":{"allow":["GET"]}}],"collection":[{"href":"http:\/\/www.outlet-electro.cz\/index.php\/wp-json\/wp\/v2\/product"}],"about":[{"href":"http:\/\/www.outlet-electro.cz\/index.php\/wp-json\/wp\/v2\/types\/product"}],"replies":[{"embeddable":true,"href":"http:\/\/www.outlet-electro.cz\/index.php\/wp-json\/wp\/v2\/comments?post=27279"}],"wp:featuredmedia":[{"embeddable":true,"href":"http:\/\/www.outlet-electro.cz\/index.php\/wp-json\/wp\/v2\/media\/27280"}],"wp:attachment":[{"href":"http:\/\/www.outlet-electro.cz\/index.php\/wp-json\/wp\/v2\/media?parent=27279"}],"wp:term":[{"taxonomy":"product_brand","embeddable":true,"href":"http:\/\/www.outlet-electro.cz\/index.php\/wp-json\/wp\/v2\/product_brand?post=27279"},{"taxonomy":"product_cat","embeddable":true,"href":"http:\/\/www.outlet-electro.cz\/index.php\/wp-json\/wp\/v2\/product_cat?post=27279"},{"taxonomy":"product_tag","embeddable":true,"href":"http:\/\/www.outlet-electro.cz\/index.php\/wp-json\/wp\/v2\/product_tag?post=27279"}],"curies":[{"name":"wp","href":"https:\/\/api.w.org\/{rel}","templated":true}]}}