{"id":27277,"date":"2026-01-26T11:24:59","date_gmt":"2026-01-26T10:24:59","guid":{"rendered":"https:\/\/www.outlet-electro.cz\/index.php\/produkt\/bluetooth-selfie-tyc-aligator-ha12\/"},"modified":"2026-01-26T11:25:00","modified_gmt":"2026-01-26T10:25:00","slug":"bluetooth-selfie-tyc-aligator-ha12","status":"publish","type":"product","link":"http:\/\/www.outlet-electro.cz\/index.php\/produkt\/bluetooth-selfie-tyc-aligator-ha12\/","title":{"rendered":"Bluetooth selfie ty\u010d ALIGATOR HA12"},"content":{"rendered":"<p><span>P\u0159edstavujeme Bluetooth selfie ty\u010d ALIGATOR HA12 \u2013 v\u00e1\u0161 v\u011brn\u00fd spojenec p\u0159i loven\u00ed t\u011bch nejlep\u0161\u00edch z\u00e1b\u011br\u016f, a\u0165 u\u017e jde o pohled z vrcholu hory, nebo dokonal\u00fd &#8222;kafe a dort\u00edk&#8220; moment!  \u2728<\/span><\/p>\n<p><span>S maxim\u00e1ln\u00ed d\u00e9lkou <strong>68 cm<\/strong> a <strong>5 \u010dl\u00e1nky<\/strong> si nastav\u00edte ide\u00e1ln\u00ed vzd\u00e1lenost, aby va\u0161e selfie vypadala jako od profesion\u00e1la. A d\u00edky <strong>tripodu<\/strong> u\u017e nikdy nebudete muset nikoho prosit, aby v\u00e1s vyfotil \u2013 jednodu\u0161e ty\u010d postav\u00edte a zap\u00f3zujete s pln\u00fdm nasazen\u00edm.<\/span><\/p>\n<p><span>Hlavn\u00ed kouzla:<\/span><\/p>\n<ul>\n<li>\n<p><span><strong>Bluetooth ovlada\u010d<\/strong>: Zabudovan\u00fd a vyj\u00edmateln\u00fd \u2013 \u017e\u00e1dn\u00e9 kabely, jen jednoduch\u00e9 a rychl\u00e9 sn\u00edm\u00e1n\u00ed.<\/span><\/p>\n<\/li>\n<li>\n<p><span><strong>Nastaviteln\u00fd \u00fahel a\u017e 150\u00b0<\/strong>: Perfektn\u00ed pro ty kreativn\u00ed z\u00e1b\u011bry z netradi\u010dn\u00edch \u00fahl\u016f.<\/span><\/p>\n<\/li>\n<li>\n<p><span><strong>Rozp\u011bt\u00ed ramen 6,5 a\u017e 9,3 cm<\/strong>: Kompatibiln\u00ed t\u00e9m\u011b\u0159 se v\u0161emi smartphony na trhu.<\/span><\/p>\n<\/li>\n<\/ul>\n<p><span>Dal\u0161\u00ed vychyt\u00e1vky:<\/span><\/p>\n<ul>\n<li>\n<p><span><strong>Lehk\u00fd a odoln\u00fd materi\u00e1l<\/strong>: Kombinace hlin\u00edku a matn\u00e9ho plastu pro styl i prakti\u010dnost.<\/span><\/p>\n<\/li>\n<li>\n<p><span><strong>Vym\u011bniteln\u00e1 baterie<\/strong>: U\u017e \u017e\u00e1dn\u00e9 hled\u00e1n\u00ed z\u00e1suvky, baterie v\u00e1s podr\u017e\u00ed.<\/span><\/p>\n<\/li>\n<li>\n<p><span><strong>Snadn\u00e1 manipulace a skladnost<\/strong>: Ide\u00e1ln\u00ed na cesty, v\u00fdlety i ka\u017edodenn\u00ed akce.<\/span><\/p>\n<\/li>\n<\/ul>\n<p><span>Bluetooth selfie ty\u010d ALIGATOR HA12 nen\u00ed jen selfie ty\u010d \u2013 je to v\u00e1\u0161 kreativn\u00ed n\u00e1stroj, se kter\u00fdm zachyt\u00edte ka\u017ed\u00fd skv\u011bl\u00fd okam\u017eik va\u0161eho \u017eivota. P\u0159ipravte se na fotky, kter\u00e9 rozz\u00e1\u0159\u00ed v\u00e1\u0161 Instagram!  <\/span><\/p>\n<p>&nbsp;<\/p>\n<p><span>Z\u00e1ruka 24 m\u011bs\u00edc\u016f.<\/span><\/p>\n","protected":false},"excerpt":{"rendered":"<p>P\u0159edstavujeme Bluetooth selfie ty\u010d ALIGATOR HA12 \u2013 v\u00e1\u0161 v\u011brn\u00fd spojenec p\u0159i loven\u00ed t\u011bch nejlep\u0161\u00edch z\u00e1b\u011br\u016f, a\u0165 u\u017e jde o pohled z vrcholu hory, nebo dokonal\u00fd &#8222;kafe a dort\u00edk&#8220; moment! \u2728 S maxim\u00e1ln\u00ed d\u00e9lkou 68 cm a 5 \u010dl\u00e1nky si nastav\u00edte ide\u00e1ln\u00ed vzd\u00e1lenost, aby va\u0161e selfie vypadala jako od profesion\u00e1la. A d\u00edky tripodu u\u017e nikdy nebudete&#8230;<\/p>\n","protected":false},"featured_media":27278,"comment_status":"closed","ping_status":"open","template":"","meta":{"_kadence_starter_templates_imported_post":false,"_kad_post_transparent":"","_kad_post_title":"","_kad_post_layout":"","_kad_post_sidebar_id":"","_kad_post_content_style":"","_kad_post_vertical_padding":"","_kad_post_feature":"","_kad_post_feature_position":"","_kad_post_header":false,"_kad_post_footer":false,"_kad_post_classname":""},"product_brand":[],"product_cat":[2417,2458,64,2429,413,414],"product_tag":[],"class_list":{"0":"post-27277","1":"product","2":"type-product","3":"status-publish","4":"has-post-thumbnail","6":"product_cat-drzaky-a-stativy","7":"product_cat-drzaky-na-selfie","8":"product_cat-elektronika","9":"product_cat-heureka-cz","10":"product_cat-mobily-tablety-nositelna-elektronika","11":"product_cat-prislusenstvi-k-mobilum","13":"first","14":"instock","15":"taxable","16":"shipping-taxable","17":"purchasable","18":"product-type-simple","19":"entry","20":"content-bg","21":"loop-entry"},"_links":{"self":[{"href":"http:\/\/www.outlet-electro.cz\/index.php\/wp-json\/wp\/v2\/product\/27277","targetHints":{"allow":["GET"]}}],"collection":[{"href":"http:\/\/www.outlet-electro.cz\/index.php\/wp-json\/wp\/v2\/product"}],"about":[{"href":"http:\/\/www.outlet-electro.cz\/index.php\/wp-json\/wp\/v2\/types\/product"}],"replies":[{"embeddable":true,"href":"http:\/\/www.outlet-electro.cz\/index.php\/wp-json\/wp\/v2\/comments?post=27277"}],"wp:featuredmedia":[{"embeddable":true,"href":"http:\/\/www.outlet-electro.cz\/index.php\/wp-json\/wp\/v2\/media\/27278"}],"wp:attachment":[{"href":"http:\/\/www.outlet-electro.cz\/index.php\/wp-json\/wp\/v2\/media?parent=27277"}],"wp:term":[{"taxonomy":"product_brand","embeddable":true,"href":"http:\/\/www.outlet-electro.cz\/index.php\/wp-json\/wp\/v2\/product_brand?post=27277"},{"taxonomy":"product_cat","embeddable":true,"href":"http:\/\/www.outlet-electro.cz\/index.php\/wp-json\/wp\/v2\/product_cat?post=27277"},{"taxonomy":"product_tag","embeddable":true,"href":"http:\/\/www.outlet-electro.cz\/index.php\/wp-json\/wp\/v2\/product_tag?post=27277"}],"curies":[{"name":"wp","href":"https:\/\/api.w.org\/{rel}","templated":true}]}}