{"id":27238,"date":"2026-01-26T11:24:56","date_gmt":"2026-01-26T10:24:56","guid":{"rendered":"https:\/\/www.outlet-electro.cz\/index.php\/produkt\/kontaktni-gril-catler-gr-7010\/"},"modified":"2026-01-26T11:24:56","modified_gmt":"2026-01-26T10:24:56","slug":"kontaktni-gril-catler-gr-7010","status":"publish","type":"product","link":"http:\/\/www.outlet-electro.cz\/index.php\/produkt\/kontaktni-gril-catler-gr-7010\/","title":{"rendered":"Kontaktn\u00ed gril Catler GR 7010"},"content":{"rendered":"<p><span>P\u0159edstavujeme kontaktn\u00ed gril Catler GR 7010 \u2013 v\u00e1\u0161 grilovac\u00ed maestro, kter\u00fd p\u0159em\u011bn\u00ed ka\u017ed\u00e9 j\u00eddlo na gurm\u00e1nsk\u00fd z\u00e1\u017eitek, bez ohledu na to, jestli grilujete na balkon\u011b, doma, nebo b\u011bhem BBQ p\u00e1rty na zahrad\u011b!  <\/span><\/p>\n<p><span>S <strong>unik\u00e1tn\u00ed nep\u0159ilnavou uhl\u00edkovou vrstvou MagmaTec 3<\/strong> zapome\u0148te na p\u0159ipalov\u00e1n\u00ed a obt\u011b\u017euj\u00edc\u00ed kou\u0159 \u2013 va\u0161e pokrmy budou zdrav\u011bj\u0161\u00ed a chutn\u011bj\u0161\u00ed ne\u017e kdykoliv p\u0159edt\u00edm. A pokud pot\u0159ebujete v\u011bt\u0161\u00ed grilovac\u00ed plochu, sta\u010d\u00ed stisknout tla\u010d\u00edtko a z kontaktn\u00edho grilu se prom\u011bn\u00ed ve stylov\u00fd BBQ gril.<\/span><\/p>\n<p><span>Hlavn\u00ed kouzla:<\/span><\/p>\n<ul>\n<li>\n<p><span><strong>6 p\u0159ednastaven\u00fdch program\u016f<\/strong>: Od \u0161\u0165avnat\u00fdch steak\u016f po dokonal\u00e9 panini \u2013 v\u00e1\u0161 gril m\u00e1 v\u0161e pod palcem.<\/span><\/p>\n<\/li>\n<li>\n<p><span><strong>Teplotn\u00ed sonda<\/strong>: Perfektn\u00ed v\u00fdsledky zaru\u010deny \u2013 u\u017e \u017e\u00e1dn\u00e9 h\u00e1d\u00e1n\u00ed, jestli je maso \u201etak akor\u00e1t\u201c.<\/span><\/p>\n<\/li>\n<li>\n<p><span><strong>Dotykov\u00fd displej<\/strong>: Snadn\u00e9 ovl\u00e1d\u00e1n\u00ed, kter\u00e9 vypad\u00e1 stejn\u011b dob\u0159e jako gril s\u00e1m.<\/span><\/p>\n<\/li>\n<\/ul>\n<p><span>Dal\u0161\u00ed vychyt\u00e1vky:<\/span><\/p>\n<ul>\n<li>\n<p><span><strong>Speci\u00e1ln\u00ed povrch MagmaTec 3<\/strong>: Grilov\u00e1n\u00ed bez tuku, zdrav\u011b a bez nep\u0159\u00edjemnost\u00ed.<\/span><\/p>\n<\/li>\n<li>\n<p><span><strong>\u010casova\u010d pro dokonal\u00e9 na\u010dasov\u00e1n\u00ed<\/strong>: Pohl\u00edd\u00e1 va\u0159en\u00ed za v\u00e1s \u2013 vy se m\u016f\u017eete v\u011bnovat p\u0159\u00edprav\u011b p\u0159\u00edloh.<\/span><\/p>\n<\/li>\n<li>\n<p><span><strong>Vysoce kvalitn\u00ed aluminiov\u00e9 t\u011blo<\/strong>: Pevn\u00e9, odoln\u00e9 a elegantn\u00ed \u2013 v\u00e1\u0161 kuchy\u0148sk\u00fd designov\u00fd dopln\u011bk.<\/span><\/p>\n<\/li>\n<\/ul>\n<p><span>Catler GR 7010 nen\u00ed jen gril \u2013 je to v\u00e1\u0161 spolehliv\u00fd grilovac\u00ed par\u0165\u00e1k, kter\u00fd posune ka\u017ed\u00fd pokrm na novou \u00farove\u0148. P\u0159ipravte se na nezapomenuteln\u00fd kulin\u00e1\u0159sk\u00fd z\u00e1\u017eitek!  <\/span><\/p>\n<p>&nbsp;<\/p>\n<p><span>Bazarov\u00fd produkt, z\u00e1ruka 12 m\u011bs\u00edc\u016f.<\/span><\/p>\n","protected":false},"excerpt":{"rendered":"<p>P\u0159edstavujeme kontaktn\u00ed gril Catler GR 7010 \u2013 v\u00e1\u0161 grilovac\u00ed maestro, kter\u00fd p\u0159em\u011bn\u00ed ka\u017ed\u00e9 j\u00eddlo na gurm\u00e1nsk\u00fd z\u00e1\u017eitek, bez ohledu na to, jestli grilujete na balkon\u011b, doma, nebo b\u011bhem BBQ p\u00e1rty na zahrad\u011b! S unik\u00e1tn\u00ed nep\u0159ilnavou uhl\u00edkovou vrstvou MagmaTec 3 zapome\u0148te na p\u0159ipalov\u00e1n\u00ed a obt\u011b\u017euj\u00edc\u00ed kou\u0159 \u2013 va\u0161e pokrmy budou zdrav\u011bj\u0161\u00ed a chutn\u011bj\u0161\u00ed ne\u017e kdykoliv p\u0159edt\u00edm&#8230;.<\/p>\n","protected":false},"featured_media":27239,"comment_status":"closed","ping_status":"open","template":"","meta":{"_kadence_starter_templates_imported_post":false,"_kad_post_transparent":"","_kad_post_title":"","_kad_post_layout":"","_kad_post_sidebar_id":"","_kad_post_content_style":"","_kad_post_vertical_padding":"","_kad_post_feature":"","_kad_post_feature_position":"","_kad_post_header":false,"_kad_post_footer":false,"_kad_post_classname":""},"product_brand":[],"product_cat":[333,2283,2429,334,341,425,340],"product_tag":[],"class_list":{"0":"post-27238","1":"product","2":"type-product","3":"status-publish","4":"has-post-thumbnail","6":"product_cat-domaci-a-osobni-spotrebice","7":"product_cat-domaci-grily","8":"product_cat-heureka-cz","9":"product_cat-kuchynske-spotrebice","10":"product_cat-male-kuchynske-spotrebice","11":"product_cat-peceni-a-opekani","12":"product_cat-priprava-jidla","14":"first","15":"instock","16":"taxable","17":"shipping-taxable","18":"purchasable","19":"product-type-simple","20":"entry","21":"content-bg","22":"loop-entry"},"_links":{"self":[{"href":"http:\/\/www.outlet-electro.cz\/index.php\/wp-json\/wp\/v2\/product\/27238","targetHints":{"allow":["GET"]}}],"collection":[{"href":"http:\/\/www.outlet-electro.cz\/index.php\/wp-json\/wp\/v2\/product"}],"about":[{"href":"http:\/\/www.outlet-electro.cz\/index.php\/wp-json\/wp\/v2\/types\/product"}],"replies":[{"embeddable":true,"href":"http:\/\/www.outlet-electro.cz\/index.php\/wp-json\/wp\/v2\/comments?post=27238"}],"wp:featuredmedia":[{"embeddable":true,"href":"http:\/\/www.outlet-electro.cz\/index.php\/wp-json\/wp\/v2\/media\/27239"}],"wp:attachment":[{"href":"http:\/\/www.outlet-electro.cz\/index.php\/wp-json\/wp\/v2\/media?parent=27238"}],"wp:term":[{"taxonomy":"product_brand","embeddable":true,"href":"http:\/\/www.outlet-electro.cz\/index.php\/wp-json\/wp\/v2\/product_brand?post=27238"},{"taxonomy":"product_cat","embeddable":true,"href":"http:\/\/www.outlet-electro.cz\/index.php\/wp-json\/wp\/v2\/product_cat?post=27238"},{"taxonomy":"product_tag","embeddable":true,"href":"http:\/\/www.outlet-electro.cz\/index.php\/wp-json\/wp\/v2\/product_tag?post=27238"}],"curies":[{"name":"wp","href":"https:\/\/api.w.org\/{rel}","templated":true}]}}