{"id":27223,"date":"2026-01-26T11:24:52","date_gmt":"2026-01-26T10:24:52","guid":{"rendered":"https:\/\/www.outlet-electro.cz\/index.php\/produkt\/cisticka-vzduchu-acekool-ad4\/"},"modified":"2026-01-26T11:24:53","modified_gmt":"2026-01-26T10:24:53","slug":"cisticka-vzduchu-acekool-ad4","status":"publish","type":"product","link":"http:\/\/www.outlet-electro.cz\/index.php\/produkt\/cisticka-vzduchu-acekool-ad4\/","title":{"rendered":"\u010cisti\u010dka vzduchu Acekool AD4"},"content":{"rendered":"<p><span>P\u0159edstavujeme \u010disti\u010dku vzduchu Acekool AD4 \u2013 v\u00e1\u0161 nekompromisn\u00ed bojovn\u00edk proti prachu, pylu a z\u00e1pachu, kter\u00fd prom\u011bn\u00ed v\u00e1\u0161 domov na o\u00e1zu \u010distoty!  \ufe0f\u2728<\/span><\/p>\n<p><span>D\u00edky <strong>H13 True HEPA filtru<\/strong> zachyt\u00ed 99,97 % ne\u010distot (ano, v\u010detn\u011b v\u0161ech t\u011bch chlup\u016f, co po sob\u011b v\u00e1\u0161 mazl\u00ed\u010dek zanech\u00e1v\u00e1). A <strong>360\u00b0 filtra\u010dn\u00ed syst\u00e9m<\/strong> zaji\u0161\u0165uje, \u017ee ani jeden mikronov\u00fd dareb\u00e1k neunikne. Co je lep\u0161\u00ed ne\u017e \u010derstv\u00fd vzduch? \u010cerstv\u00fd vzduch s trochou stylu!<\/span><\/p>\n<p><span>Hlavn\u00ed kouzla:<\/span><\/p>\n<ul>\n<li>\n<p><span><strong>No\u010dn\u00ed oran\u017eov\u00e9 sv\u011btlo<\/strong>: V\u011bdecky navr\u017eeno na podporu sp\u00e1nku \u2013 \u0159\u00edk\u00e1 to psychologie, tak\u017ee to mus\u00ed b\u00fdt pravda.<\/span><\/p>\n<\/li>\n<li>\n<p><span><strong>Zachr\u00e1nce va\u0161ich plic a nerv\u016f<\/strong>: Srst, kou\u0159, prach? Acekool to zvl\u00e1dne levou zadn\u00ed.<\/span><\/p>\n<\/li>\n<li>\n<p><span><strong>Inteligentn\u00ed ovl\u00e1d\u00e1n\u00ed<\/strong>: Rychlosti ventil\u00e1toru, \u010dasova\u010d, re\u017eim sp\u00e1nku a indik\u00e1tor filtru \u2013 v\u0161e na dosah jedn\u00edm dotykem.<\/span><\/p>\n<\/li>\n<\/ul>\n<p><span>Dal\u0161\u00ed vychyt\u00e1vky:<\/span><\/p>\n<ul>\n<li>\n<p><span><strong>Ide\u00e1ln\u00ed pro dom\u00e1c\u00ed mazl\u00ed\u010dky<\/strong>: Zvl\u00e1dne chlupy, pachy i neposednou srst \u2013 dokonal\u00e9 pro ka\u017ed\u00e9ho majitele zv\u00ed\u0159at.<\/span><\/p>\n<\/li>\n<li>\n<p><span><strong>Tich\u00fd spole\u010dn\u00edk<\/strong>: Zat\u00edmco pracuje, vy skoro zapomenete, \u017ee tam je \u2013 m\u00e9n\u011b hluku, v\u00edce klidu.<\/span><\/p>\n<\/li>\n<li>\n<p><span><strong>Certifikovan\u00e1 kvalita<\/strong>: Bez oz\u00f3nu a s d\u016fv\u011bryhodn\u00fdmi certifik\u00e1ty \u2013 \u010dist\u00fd vzduch bez kompromis\u016f.<\/span><\/p>\n<\/li>\n<\/ul>\n<p><span>Acekool AD4 nen\u00ed jen \u010disti\u010dka vzduchu \u2013 je to v\u00e1\u0161 partner v boji za \u010derstv\u011bj\u0161\u00ed, zdrav\u011bj\u0161\u00ed a p\u0159\u00edjemn\u011bj\u0161\u00ed domov. P\u0159ipravte se na d\u00fdch\u00e1n\u00ed bez starost\u00ed!  <\/span><\/p>\n<p>&nbsp;<\/p>\n<p>Z\u00e1ruka 24 m\u011bs\u00edc\u016f.<\/p>\n","protected":false},"excerpt":{"rendered":"<p>P\u0159edstavujeme \u010disti\u010dku vzduchu Acekool AD4 \u2013 v\u00e1\u0161 nekompromisn\u00ed bojovn\u00edk proti prachu, pylu a z\u00e1pachu, kter\u00fd prom\u011bn\u00ed v\u00e1\u0161 domov na o\u00e1zu \u010distoty! \ufe0f\u2728 D\u00edky H13 True HEPA filtru zachyt\u00ed 99,97 % ne\u010distot (ano, v\u010detn\u011b v\u0161ech t\u011bch chlup\u016f, co po sob\u011b v\u00e1\u0161 mazl\u00ed\u010dek zanech\u00e1v\u00e1). A 360\u00b0 filtra\u010dn\u00ed syst\u00e9m zaji\u0161\u0165uje, \u017ee ani jeden mikronov\u00fd dareb\u00e1k neunikne. Co je&#8230;<\/p>\n","protected":false},"featured_media":27224,"comment_status":"closed","ping_status":"open","template":"","meta":{"_kadence_starter_templates_imported_post":false,"_kad_post_transparent":"","_kad_post_title":"","_kad_post_layout":"","_kad_post_sidebar_id":"","_kad_post_content_style":"","_kad_post_vertical_padding":"","_kad_post_feature":"","_kad_post_feature_position":"","_kad_post_header":false,"_kad_post_footer":false,"_kad_post_classname":""},"product_brand":[],"product_cat":[333,2429,365,366],"product_tag":[],"class_list":{"0":"post-27223","1":"product","2":"type-product","3":"status-publish","4":"has-post-thumbnail","6":"product_cat-domaci-a-osobni-spotrebice","7":"product_cat-heureka-cz","8":"product_cat-uprava-vzduchu","9":"product_cat-zvlhcovace-a-cisticky-vzduchu","11":"first","12":"instock","13":"taxable","14":"shipping-taxable","15":"purchasable","16":"product-type-simple","17":"entry","18":"content-bg","19":"loop-entry"},"_links":{"self":[{"href":"http:\/\/www.outlet-electro.cz\/index.php\/wp-json\/wp\/v2\/product\/27223","targetHints":{"allow":["GET"]}}],"collection":[{"href":"http:\/\/www.outlet-electro.cz\/index.php\/wp-json\/wp\/v2\/product"}],"about":[{"href":"http:\/\/www.outlet-electro.cz\/index.php\/wp-json\/wp\/v2\/types\/product"}],"replies":[{"embeddable":true,"href":"http:\/\/www.outlet-electro.cz\/index.php\/wp-json\/wp\/v2\/comments?post=27223"}],"wp:featuredmedia":[{"embeddable":true,"href":"http:\/\/www.outlet-electro.cz\/index.php\/wp-json\/wp\/v2\/media\/27224"}],"wp:attachment":[{"href":"http:\/\/www.outlet-electro.cz\/index.php\/wp-json\/wp\/v2\/media?parent=27223"}],"wp:term":[{"taxonomy":"product_brand","embeddable":true,"href":"http:\/\/www.outlet-electro.cz\/index.php\/wp-json\/wp\/v2\/product_brand?post=27223"},{"taxonomy":"product_cat","embeddable":true,"href":"http:\/\/www.outlet-electro.cz\/index.php\/wp-json\/wp\/v2\/product_cat?post=27223"},{"taxonomy":"product_tag","embeddable":true,"href":"http:\/\/www.outlet-electro.cz\/index.php\/wp-json\/wp\/v2\/product_tag?post=27223"}],"curies":[{"name":"wp","href":"https:\/\/api.w.org\/{rel}","templated":true}]}}