{"id":27163,"date":"2026-01-26T11:24:48","date_gmt":"2026-01-26T10:24:48","guid":{"rendered":"https:\/\/www.outlet-electro.cz\/index.php\/produkt\/topinkovac-sokany-hjt-022\/"},"modified":"2026-01-26T11:24:49","modified_gmt":"2026-01-26T10:24:49","slug":"topinkovac-sokany-hjt-022","status":"publish","type":"product","link":"http:\/\/www.outlet-electro.cz\/index.php\/produkt\/topinkovac-sokany-hjt-022\/","title":{"rendered":"Topinkova\u010d Sokany HJT-022"},"content":{"rendered":"<p><span>P\u0159edstavujeme topinkova\u010d Sokany HJT &#8211; 022 \u2013 nen\u00e1padn\u00e9ho, ale spolehliv\u00e9ho mistra rann\u00edch dobrot, kter\u00fd p\u0159em\u011bn\u00ed v\u00e1\u0161 chleba na k\u0159upav\u00e9 zlato!  \u2728<\/span><\/p>\n<p><span>S kapacitou na <strong>dv\u011b topinky najednou<\/strong> zvl\u00e1dne obslou\u017eit rann\u00ed hladovce raz dva. <strong>Funkce pe\u010den\u00ed a oh\u0159evu<\/strong> zaru\u010d\u00ed, \u017ee v\u00e1\u0161 toust bude p\u0159esn\u011b takov\u00fd, jak si p\u0159ejete \u2013 od jemn\u011b ope\u010den\u00e9ho a\u017e po po\u0159\u00e1dn\u011b k\u0159upav\u00fd. A d\u00edky jeho <strong>mechanick\u00e9mu ovl\u00e1d\u00e1n\u00ed<\/strong> si s n\u00edm porad\u00ed i ti, co r\u00e1no je\u0161t\u011b nap\u016fl sp\u00ed.<\/span><\/p>\n<p><span>Hlavn\u00ed kouzla:<\/span><\/p>\n<ul>\n<li>\n<p><span><strong>Jmenovit\u00fd v\u00fdkon 800 W<\/strong>: Rychl\u00e9 a efektivn\u00ed op\u00e9k\u00e1n\u00ed.<\/span><\/p>\n<\/li>\n<li>\n<p><span><strong>Elegantn\u00ed b\u00edl\u00fd design<\/strong>: Hod\u00ed se do ka\u017ed\u00e9 kuchyn\u011b, a je\u0161t\u011b ji rozz\u00e1\u0159\u00ed.<\/span><\/p>\n<\/li>\n<li>\n<p><span><strong>Oh\u0159ev topnou trubkou<\/strong>: Rovnom\u011brn\u00e9 ope\u010den\u00ed pro dokonal\u00e9 v\u00fdsledky.<\/span><\/p>\n<\/li>\n<\/ul>\n<p><span>Dal\u0161\u00ed vychyt\u00e1vky:<\/span><\/p>\n<ul>\n<li>\n<p><span><strong>Lehk\u00fd plastov\u00fd materi\u00e1l<\/strong>: Snadn\u00e1 manipulace a nen\u00e1ro\u010dn\u00e9 \u010di\u0161t\u011bn\u00ed.<\/span><\/p>\n<\/li>\n<li>\n<p><span><strong>Kompaktn\u00ed velikost<\/strong>: Ide\u00e1ln\u00ed i do men\u0161\u00edch kuchyn\u00ed nebo na chalupu.<\/span><\/p>\n<\/li>\n<li>\n<p><span><strong>Prakti\u010dnost<\/strong>: Prost\u011b topinkova\u010d, kter\u00fd d\u011bl\u00e1 to, co m\u00e1 \u2013 skv\u011bl\u00e9 tousty.<\/span><\/p>\n<\/li>\n<\/ul>\n<p><span>Sokany HJT &#8211; 022 je d\u016fkazem, \u017ee i jednoduchost m\u016f\u017ee b\u00fdt velkolep\u00e1. P\u0159ipravte se na sn\u00eddan\u011b, kter\u00e9 budou k\u0159upav\u011b dokonal\u00e9, a\u0165 u\u017e jde o klasiku s m\u00e1slem, nebo extravagantn\u00ed avok\u00e1dov\u00e9 tousty!  <\/span><\/p>\n<p>&nbsp;<\/p>\n<p><span>Bazarov\u00fd produkt, z\u00e1ruka 12 m\u011bs\u00edc\u016f<\/span><\/p>\n","protected":false},"excerpt":{"rendered":"<p>P\u0159edstavujeme topinkova\u010d Sokany HJT &#8211; 022 \u2013 nen\u00e1padn\u00e9ho, ale spolehliv\u00e9ho mistra rann\u00edch dobrot, kter\u00fd p\u0159em\u011bn\u00ed v\u00e1\u0161 chleba na k\u0159upav\u00e9 zlato! \u2728 S kapacitou na dv\u011b topinky najednou zvl\u00e1dne obslou\u017eit rann\u00ed hladovce raz dva. Funkce pe\u010den\u00ed a oh\u0159evu zaru\u010d\u00ed, \u017ee v\u00e1\u0161 toust bude p\u0159esn\u011b takov\u00fd, jak si p\u0159ejete \u2013 od jemn\u011b ope\u010den\u00e9ho a\u017e po po\u0159\u00e1dn\u011b k\u0159upav\u00fd&#8230;.<\/p>\n","protected":false},"featured_media":27164,"comment_status":"closed","ping_status":"open","template":"","meta":{"_kadence_starter_templates_imported_post":false,"_kad_post_transparent":"","_kad_post_title":"","_kad_post_layout":"","_kad_post_sidebar_id":"","_kad_post_content_style":"","_kad_post_vertical_padding":"","_kad_post_feature":"","_kad_post_feature_position":"","_kad_post_header":false,"_kad_post_footer":false,"_kad_post_classname":""},"product_brand":[],"product_cat":[28,334],"product_tag":[],"class_list":{"0":"post-27163","1":"product","2":"type-product","3":"status-publish","4":"has-post-thumbnail","6":"product_cat-domaci-spotrebice","7":"product_cat-kuchynske-spotrebice","9":"first","10":"instock","11":"taxable","12":"shipping-taxable","13":"purchasable","14":"product-type-simple","15":"entry","16":"content-bg","17":"loop-entry"},"_links":{"self":[{"href":"http:\/\/www.outlet-electro.cz\/index.php\/wp-json\/wp\/v2\/product\/27163","targetHints":{"allow":["GET"]}}],"collection":[{"href":"http:\/\/www.outlet-electro.cz\/index.php\/wp-json\/wp\/v2\/product"}],"about":[{"href":"http:\/\/www.outlet-electro.cz\/index.php\/wp-json\/wp\/v2\/types\/product"}],"replies":[{"embeddable":true,"href":"http:\/\/www.outlet-electro.cz\/index.php\/wp-json\/wp\/v2\/comments?post=27163"}],"wp:featuredmedia":[{"embeddable":true,"href":"http:\/\/www.outlet-electro.cz\/index.php\/wp-json\/wp\/v2\/media\/27164"}],"wp:attachment":[{"href":"http:\/\/www.outlet-electro.cz\/index.php\/wp-json\/wp\/v2\/media?parent=27163"}],"wp:term":[{"taxonomy":"product_brand","embeddable":true,"href":"http:\/\/www.outlet-electro.cz\/index.php\/wp-json\/wp\/v2\/product_brand?post=27163"},{"taxonomy":"product_cat","embeddable":true,"href":"http:\/\/www.outlet-electro.cz\/index.php\/wp-json\/wp\/v2\/product_cat?post=27163"},{"taxonomy":"product_tag","embeddable":true,"href":"http:\/\/www.outlet-electro.cz\/index.php\/wp-json\/wp\/v2\/product_tag?post=27163"}],"curies":[{"name":"wp","href":"https:\/\/api.w.org\/{rel}","templated":true}]}}