{"id":27161,"date":"2026-01-26T11:24:48","date_gmt":"2026-01-26T10:24:48","guid":{"rendered":"https:\/\/www.outlet-electro.cz\/index.php\/produkt\/osobni-fitness-vaha-sencor-sbs-6025wh\/"},"modified":"2026-01-26T11:24:49","modified_gmt":"2026-01-26T10:24:49","slug":"osobni-fitness-vaha-sencor-sbs-6025wh","status":"publish","type":"product","link":"http:\/\/www.outlet-electro.cz\/index.php\/produkt\/osobni-fitness-vaha-sencor-sbs-6025wh\/","title":{"rendered":"Osobn\u00ed fitness v\u00e1ha Sencor SBS 6025WH"},"content":{"rendered":"<p><span>P\u0159edstavujeme osobn\u00ed fitness v\u00e1hu Sencor SBS 6025WH \u2013 v\u00e1\u0161 elegantn\u00ed pr\u016fvodce sv\u011btem zdrav\u00ed, kter\u00fd dok\u00e1\u017ee nejen zv\u00e1\u017eit va\u0161e t\u011blo, ale tak\u00e9 odhalit, zda nem\u00e1te jen t\u011b\u017ek\u00e9 kosti.&nbsp;<\/span><\/p>\n<p><span>Tato v\u00e1ha je skute\u010dn\u011b komplexn\u00edm pomocn\u00edkem, proto\u017ee nejen v\u00e1\u017e\u00ed, ale z\u00e1rove\u0148 prov\u00e1d\u00ed <strong>anal\u00fdzu t\u011blesn\u00fdch parametr\u016f<\/strong>, jako je <strong>t\u011blesn\u00fd tuk, voda, svalovina, kosti a BMI<\/strong>. S pam\u011bt\u00ed <strong>a\u017e pro 12 u\u017eivatel\u016f<\/strong> je ide\u00e1ln\u00ed pro celou rodinu nebo sportovn\u00ed nad\u0161ence. A d\u00edky <strong>speci\u00e1ln\u00edmu m\u00f3du pro aktivn\u00ed sportovce<\/strong> v\u00e1s p\u0159iprav\u00ed na ka\u017edou v\u00fdzvu.<\/span><\/p>\n<p><span>Hlavn\u00ed kouzla:<\/span><\/p>\n<ul>\n<li>\n<p><span><strong>Velk\u00fd podsv\u00edcen\u00fd LCD displej<\/strong>: Jasn\u00fd p\u0159ehled o v\u0161ech hodnot\u00e1ch, kdykoli b\u011bhem dne.<\/span><\/p>\n<\/li>\n<li>\n<p><span><strong>Auto-On funkce<\/strong>: Sta\u010d\u00ed nastoupit a v\u00e1ha za\u010dne pracovat, \u017e\u00e1dn\u00e9 zdr\u017eov\u00e1n\u00ed.<\/span><\/p>\n<\/li>\n<li>\n<p><span><strong>Tvrzen\u00e9 bezpe\u010dnostn\u00ed sklo<\/strong>: Elegantn\u00ed a odoln\u00e9, snadno udr\u017eovateln\u00e9.<\/span><\/p>\n<\/li>\n<\/ul>\n<p><span>Dal\u0161\u00ed vychyt\u00e1vky:<\/span><\/p>\n<ul>\n<li>\n<p><span><strong>Automatick\u00e9 rozpozn\u00e1n\u00ed u\u017eivatele<\/strong>: Va\u0161e v\u00e1ha v\u00e1s pozn\u00e1 a p\u0159iv\u00edt\u00e1 osobn\u00edm p\u0159\u00edstupem.<\/span><\/p>\n<\/li>\n<li>\n<p><span><strong>Volba jednotek<\/strong> (kg, lb, st:lb): P\u0159izp\u016fsobte si m\u011b\u0159en\u00ed podle va\u0161ich preferenc\u00ed.<\/span><\/p>\n<\/li>\n<li>\n<p><span><strong>Indikace slab\u00e9 baterie a p\u0159et\u00ed\u017een\u00ed<\/strong>: Praktick\u00e9 funkce, kter\u00e9 zajist\u00ed, \u017ee v\u00e1s v\u00e1ha nikdy nezklame.<\/span><\/p>\n<\/li>\n<\/ul>\n<p><span>Sencor SBS 6025WH nen\u00ed jen osobn\u00ed fitness v\u00e1ha \u2013 je to v\u00e1\u0161 partner v cest\u011b za zdrav\u011bj\u0161\u00edm t\u011blem. P\u0159ipravte se na praktick\u00e9ho pomocn\u00edka, kter\u00fd v\u00e1m p\u0159inese nejen data, ale i motivaci!  <\/span><\/p>\n<p>&nbsp;<\/p>\n<p><span>Z\u00e1ruka 24 m\u011bs\u00edc\u016f.<\/span><\/p>\n","protected":false},"excerpt":{"rendered":"<p>P\u0159edstavujeme osobn\u00ed fitness v\u00e1hu Sencor SBS 6025WH \u2013 v\u00e1\u0161 elegantn\u00ed pr\u016fvodce sv\u011btem zdrav\u00ed, kter\u00fd dok\u00e1\u017ee nejen zv\u00e1\u017eit va\u0161e t\u011blo, ale tak\u00e9 odhalit, zda nem\u00e1te jen t\u011b\u017ek\u00e9 kosti.&nbsp; Tato v\u00e1ha je skute\u010dn\u011b komplexn\u00edm pomocn\u00edkem, proto\u017ee nejen v\u00e1\u017e\u00ed, ale z\u00e1rove\u0148 prov\u00e1d\u00ed anal\u00fdzu t\u011blesn\u00fdch parametr\u016f, jako je t\u011blesn\u00fd tuk, voda, svalovina, kosti a BMI. S pam\u011bt\u00ed a\u017e pro&#8230;<\/p>\n","protected":false},"featured_media":27162,"comment_status":"closed","ping_status":"open","template":"","meta":{"_kadence_starter_templates_imported_post":false,"_kad_post_transparent":"","_kad_post_title":"","_kad_post_layout":"","_kad_post_sidebar_id":"","_kad_post_content_style":"","_kad_post_vertical_padding":"","_kad_post_feature":"","_kad_post_feature_position":"","_kad_post_header":false,"_kad_post_footer":false,"_kad_post_classname":""},"product_brand":[],"product_cat":[2448],"product_tag":[],"class_list":{"0":"post-27161","1":"product","2":"type-product","3":"status-publish","4":"has-post-thumbnail","6":"product_cat-zdravi-a-fitness","8":"first","9":"instock","10":"taxable","11":"shipping-taxable","12":"purchasable","13":"product-type-simple","14":"entry","15":"content-bg","16":"loop-entry"},"_links":{"self":[{"href":"http:\/\/www.outlet-electro.cz\/index.php\/wp-json\/wp\/v2\/product\/27161","targetHints":{"allow":["GET"]}}],"collection":[{"href":"http:\/\/www.outlet-electro.cz\/index.php\/wp-json\/wp\/v2\/product"}],"about":[{"href":"http:\/\/www.outlet-electro.cz\/index.php\/wp-json\/wp\/v2\/types\/product"}],"replies":[{"embeddable":true,"href":"http:\/\/www.outlet-electro.cz\/index.php\/wp-json\/wp\/v2\/comments?post=27161"}],"wp:featuredmedia":[{"embeddable":true,"href":"http:\/\/www.outlet-electro.cz\/index.php\/wp-json\/wp\/v2\/media\/27162"}],"wp:attachment":[{"href":"http:\/\/www.outlet-electro.cz\/index.php\/wp-json\/wp\/v2\/media?parent=27161"}],"wp:term":[{"taxonomy":"product_brand","embeddable":true,"href":"http:\/\/www.outlet-electro.cz\/index.php\/wp-json\/wp\/v2\/product_brand?post=27161"},{"taxonomy":"product_cat","embeddable":true,"href":"http:\/\/www.outlet-electro.cz\/index.php\/wp-json\/wp\/v2\/product_cat?post=27161"},{"taxonomy":"product_tag","embeddable":true,"href":"http:\/\/www.outlet-electro.cz\/index.php\/wp-json\/wp\/v2\/product_tag?post=27161"}],"curies":[{"name":"wp","href":"https:\/\/api.w.org\/{rel}","templated":true}]}}