{"id":27107,"date":"2026-01-26T11:24:45","date_gmt":"2026-01-26T10:24:45","guid":{"rendered":"https:\/\/www.outlet-electro.cz\/index.php\/produkt\/designova-varna-konvice-sage-ske735btr\/"},"modified":"2026-01-26T11:24:45","modified_gmt":"2026-01-26T10:24:45","slug":"designova-varna-konvice-sage-ske735btr","status":"publish","type":"product","link":"http:\/\/www.outlet-electro.cz\/index.php\/produkt\/designova-varna-konvice-sage-ske735btr\/","title":{"rendered":"Designov\u00e1 varn\u00e1 konvice Sage SKE735BTR"},"content":{"rendered":"<p><span>P\u0159edstavujeme designovou varnou konvici Sage SKE735BTR \u2013 hv\u011bzdu mezi rychlovarn\u00fdmi konvicemi, kter\u00e1 nejen \u017ee p\u0159ivede vodu k varu, ale z\u00e1rove\u0148 zv\u00fd\u0161\u00ed eleganci va\u0161\u00ed kuchyn\u011b na zcela novou \u00farove\u0148! \u2728\u2615<\/span><\/p>\n<p><span>S kapacitou <strong>1,7 litru<\/strong> a p\u0159\u00edkonem <strong>2400 W<\/strong> budete m\u00edt horkou vodu rychleji, ne\u017e si sta\u010d\u00edte vybrat sv\u016fj obl\u00edben\u00fd \u010daj nebo k\u00e1vu. A d\u00edky <strong>brou\u0161en\u00e9 nerezov\u00e9 oceli<\/strong> je tato konvice nejen funk\u010dn\u00ed, ale tak\u00e9 ozdobou ka\u017ed\u00e9 kuchyn\u011b.<\/span><\/p>\n<p><span>Hlavn\u00ed kouzla:<\/span><\/p>\n<ul>\n<li>\n<p><span><strong>Soft open mechanismus<\/strong>: Jemn\u00e9 otev\u00edr\u00e1n\u00ed v\u00ed\u010dka \u2013 \u017e\u00e1dn\u00e1 p\u00e1ra v\u00e1s nezastra\u0161\u00ed.<\/span><\/p>\n<\/li>\n<li>\n<p><span><strong>Oto\u010dn\u00e1 z\u00e1kladna o 360\u00b0<\/strong>: \u017d\u00e1dn\u00e9 laborov\u00e1n\u00ed s orientac\u00ed \u2013 je to konvice, kter\u00e1 se p\u0159izp\u016fsob\u00ed.<\/span><\/p>\n<\/li>\n<li>\n<p><span><strong>Pr\u016fzor ve v\u00ed\u010dku a oboustrann\u00fd vodoznak<\/strong>: Sledujte tan\u010d\u00edc\u00ed bublinky a kontrolujte hladinu s naprostou gr\u00e1ci\u00ed.<\/span><\/p>\n<\/li>\n<\/ul>\n<p><span>Dal\u0161\u00ed lah\u016fdky:<\/span><\/p>\n<ul>\n<li>\n<p><span><strong>Zvukov\u00e1 signalizace varu<\/strong>: Hork\u00e1 voda je p\u0159ipravena \u2013 a d\u00e1v\u00e1 v\u00e1m v\u011bd\u011bt stylov\u011b.<\/span><\/p>\n<\/li>\n<li>\n<p><span><strong>Automatick\u00e9 vypnut\u00ed a ochrana proti p\u0159eh\u0159\u00e1t\u00ed<\/strong>: Chytr\u00e1 a bezpe\u010dn\u00e1, proto\u017ee v\u00e1m kryje z\u00e1da, i kdy\u017e jste roztr\u017eit\u00ed.<\/span><\/p>\n<\/li>\n<li>\n<p><span><strong>Ergonomick\u00e1 rukoje\u0165<\/strong>: Dokonal\u00fd \u00fachop pro snadn\u00e9 nal\u00e9v\u00e1n\u00ed bez c\u00e1kanc\u016f.<\/span><\/p>\n<\/li>\n<\/ul>\n<p><span>Sage SKE735BTR nen\u00ed jen rychlovarn\u00e1 konvice \u2013 je to mistrovsk\u00fd kus designu, kter\u00fd kombinuje eleganci, funk\u010dnost a modern\u00ed technologie. Od sn\u00eddan\u00ed a\u017e po ve\u010dern\u00ed \u010dajov\u00e9 d\u00fdch\u00e1nky, tato konvice je p\u0159ipravena z\u00e1\u0159it na va\u0161em kuchy\u0148sk\u00e9m stole.  \u2615 <\/span><\/p>\n<p>&nbsp;<\/p>\n<p><span>Z\u00e1ruka 24 m\u011bs\u00edc\u016f<\/span><\/p>\n","protected":false},"excerpt":{"rendered":"<p>P\u0159edstavujeme designovou varnou konvici Sage SKE735BTR \u2013 hv\u011bzdu mezi rychlovarn\u00fdmi konvicemi, kter\u00e1 nejen \u017ee p\u0159ivede vodu k varu, ale z\u00e1rove\u0148 zv\u00fd\u0161\u00ed eleganci va\u0161\u00ed kuchyn\u011b na zcela novou \u00farove\u0148! \u2728\u2615 S kapacitou 1,7 litru a p\u0159\u00edkonem 2400 W budete m\u00edt horkou vodu rychleji, ne\u017e si sta\u010d\u00edte vybrat sv\u016fj obl\u00edben\u00fd \u010daj nebo k\u00e1vu. A d\u00edky brou\u0161en\u00e9 nerezov\u00e9&#8230;<\/p>\n","protected":false},"featured_media":27108,"comment_status":"closed","ping_status":"open","template":"","meta":{"_kadence_starter_templates_imported_post":false,"_kad_post_transparent":"","_kad_post_title":"","_kad_post_layout":"","_kad_post_sidebar_id":"","_kad_post_content_style":"","_kad_post_vertical_padding":"","_kad_post_feature":"","_kad_post_feature_position":"","_kad_post_header":false,"_kad_post_footer":false,"_kad_post_classname":""},"product_brand":[],"product_cat":[333,2429,334,335,336],"product_tag":[],"class_list":{"0":"post-27107","1":"product","2":"type-product","3":"status-publish","4":"has-post-thumbnail","6":"product_cat-domaci-a-osobni-spotrebice","7":"product_cat-heureka-cz","8":"product_cat-kuchynske-spotrebice","9":"product_cat-priprava-napoju","10":"product_cat-rychlovarne-konvice","12":"first","13":"instock","14":"taxable","15":"shipping-taxable","16":"purchasable","17":"product-type-simple","18":"entry","19":"content-bg","20":"loop-entry"},"_links":{"self":[{"href":"http:\/\/www.outlet-electro.cz\/index.php\/wp-json\/wp\/v2\/product\/27107","targetHints":{"allow":["GET"]}}],"collection":[{"href":"http:\/\/www.outlet-electro.cz\/index.php\/wp-json\/wp\/v2\/product"}],"about":[{"href":"http:\/\/www.outlet-electro.cz\/index.php\/wp-json\/wp\/v2\/types\/product"}],"replies":[{"embeddable":true,"href":"http:\/\/www.outlet-electro.cz\/index.php\/wp-json\/wp\/v2\/comments?post=27107"}],"wp:featuredmedia":[{"embeddable":true,"href":"http:\/\/www.outlet-electro.cz\/index.php\/wp-json\/wp\/v2\/media\/27108"}],"wp:attachment":[{"href":"http:\/\/www.outlet-electro.cz\/index.php\/wp-json\/wp\/v2\/media?parent=27107"}],"wp:term":[{"taxonomy":"product_brand","embeddable":true,"href":"http:\/\/www.outlet-electro.cz\/index.php\/wp-json\/wp\/v2\/product_brand?post=27107"},{"taxonomy":"product_cat","embeddable":true,"href":"http:\/\/www.outlet-electro.cz\/index.php\/wp-json\/wp\/v2\/product_cat?post=27107"},{"taxonomy":"product_tag","embeddable":true,"href":"http:\/\/www.outlet-electro.cz\/index.php\/wp-json\/wp\/v2\/product_tag?post=27107"}],"curies":[{"name":"wp","href":"https:\/\/api.w.org\/{rel}","templated":true}]}}