{"id":27101,"date":"2026-01-26T11:24:42","date_gmt":"2026-01-26T10:24:42","guid":{"rendered":"https:\/\/www.outlet-electro.cz\/index.php\/produkt\/plynovy-gril-fieldmann-fzg-3002\/"},"modified":"2026-01-26T11:24:43","modified_gmt":"2026-01-26T10:24:43","slug":"plynovy-gril-fieldmann-fzg-3002","status":"publish","type":"product","link":"http:\/\/www.outlet-electro.cz\/index.php\/produkt\/plynovy-gril-fieldmann-fzg-3002\/","title":{"rendered":"Plynov\u00fd gril FIELDMANN FZG 3002"},"content":{"rendered":"<p><span>P\u0159edstavujeme plynov\u00fd gril FIELDMANN FZG 3002 \u2013 v\u00e1\u0161 venkovn\u00ed kuchy\u0148sk\u00fd par\u0165\u00e1k, kter\u00fd zvl\u00e1dne p\u0159ipravit \u0161\u0165avnat\u00e9 steaky i bez toho, abyste se museli st\u00e1t mistrem grilov\u00e1n\u00ed na d\u0159ev\u011bn\u00e9m uhl\u00ed!  <\/span><\/p>\n<p><span>S dv\u011bma ho\u0159\u00e1ky o v\u00fdkonu <strong>7,6 kW<\/strong> a <strong>pochromovan\u00fdm ro\u0161tem<\/strong> je p\u0159ipraven pustit se do grilovac\u00ed akce s neuv\u011b\u0159itelnou energi\u00ed. Zapalov\u00e1n\u00ed? \u017d\u00e1dn\u00e9 h\u00e1d\u00e1n\u00ed se se sirkami \u2013 sta\u010d\u00ed <strong>integrovan\u00fd piezo syst\u00e9m<\/strong> a gril je v plamenech (doslova i obrazn\u011b). Grilovac\u00ed plocha o velikosti <strong>1775 cm\u00b2<\/strong> je p\u0159ipraven\u00e1 pohostit celou rodinu, nebo t\u0159eba v\u0161echny sousedy z ulice.<\/span><\/p>\n<p><span>Hlavn\u00ed grilovac\u00ed vychyt\u00e1vky:<\/span><\/p>\n<ul>\n<li>\n<p><span><strong>Dv\u011b nez\u00e1visl\u00e9 plot\u00fdnky<\/strong>: Rozpalte je klidn\u011b ka\u017edou jinak \u2013 zelenina vlevo, maso vpravo, a chaos se nekon\u00e1.<\/span><\/p>\n<\/li>\n<li>\n<p><span><strong>Odkl\u00e1p\u011bc\u00ed kryt<\/strong>: Udr\u017ete teplo uvnit\u0159 a p\u0159ekvapte \u0161\u0165avnat\u00fdmi poklady, kter\u00e9 budou p\u0159ipraven\u00e9 jako z restaurace.<\/span><\/p>\n<\/li>\n<li>\n<p><span><strong>Poj\u00edzdn\u00fd design<\/strong>: Kdy\u017e slunce zm\u011bn\u00ed sm\u011br, v\u00e1\u0161 gril se s n\u00edm elegantn\u011b p\u0159em\u00edst\u00ed \u2013 poj\u00edzdn\u00e1 kuchyn\u011b 21. stolet\u00ed.<\/span><\/p>\n<\/li>\n<\/ul>\n<p><span>Dal\u0161\u00ed lah\u016fdky:<\/span><\/p>\n<ul>\n<li>\n<p><span><strong>Odkl\u00e1dac\u00ed plocha<\/strong>: Ide\u00e1ln\u00ed na v\u0161echny ty marin\u00e1dy, om\u00e1\u010dky, nebo na poh\u00e1r chlazen\u00e9ho piva, kter\u00fd prost\u011b k letn\u00edmu grilov\u00e1n\u00ed pat\u0159\u00ed.<\/span><\/p>\n<\/li>\n<li>\n<p><span><strong>Termostat<\/strong>: \u017d\u00e1dn\u00e9 p\u0159ipalov\u00e1n\u00ed \u2013 v\u0161e bude dokonal\u00e9 a p\u0159esn\u011b podle va\u0161ich po\u017eadavk\u016f.<\/span><\/p>\n<\/li>\n<li>\n<p><span><strong>V\u00fd\u0161ka grilov\u00e1n\u00ed 85 cm<\/strong>: Pohodln\u00e1 pr\u00e1ce, a\u0165 u\u017e m\u00e1te 180 cm nebo se na grilov\u00e1n\u00ed d\u00edv\u00e1te z tro\u0161ku men\u0161\u00ed perspektivy.<\/span><\/p>\n<\/li>\n<\/ul>\n<p><span>FIELDMANN FZG 3002 je gril, kter\u00fd nejen skv\u011ble vypad\u00e1, ale jeho v\u00fdkon v\u00e1s bude ka\u017ed\u00fd ve\u010der zv\u00e1t na grilovac\u00ed show. P\u0159ipravte marin\u00e1dy, pozv\u011bte p\u0159\u00e1tele a zapn\u011bte gril \u2013 letn\u00ed sez\u00f3na m\u016f\u017ee za\u010d\u00edt!  \u2728<\/span><\/p>\n<p>&nbsp;<\/p>\n<p><span>Bazarov\u00fd produkt, z\u00e1ruka 12 m\u011bs\u00edc\u016f<\/span><\/p>\n","protected":false},"excerpt":{"rendered":"<p>P\u0159edstavujeme plynov\u00fd gril FIELDMANN FZG 3002 \u2013 v\u00e1\u0161 venkovn\u00ed kuchy\u0148sk\u00fd par\u0165\u00e1k, kter\u00fd zvl\u00e1dne p\u0159ipravit \u0161\u0165avnat\u00e9 steaky i bez toho, abyste se museli st\u00e1t mistrem grilov\u00e1n\u00ed na d\u0159ev\u011bn\u00e9m uhl\u00ed! S dv\u011bma ho\u0159\u00e1ky o v\u00fdkonu 7,6 kW a pochromovan\u00fdm ro\u0161tem je p\u0159ipraven pustit se do grilovac\u00ed akce s neuv\u011b\u0159itelnou energi\u00ed. Zapalov\u00e1n\u00ed? \u017d\u00e1dn\u00e9 h\u00e1d\u00e1n\u00ed se se sirkami \u2013&#8230;<\/p>\n","protected":false},"featured_media":27102,"comment_status":"closed","ping_status":"open","template":"","meta":{"_kadence_starter_templates_imported_post":false,"_kad_post_transparent":"","_kad_post_title":"","_kad_post_layout":"","_kad_post_sidebar_id":"","_kad_post_content_style":"","_kad_post_vertical_padding":"","_kad_post_feature":"","_kad_post_feature_position":"","_kad_post_header":false,"_kad_post_footer":false,"_kad_post_classname":""},"product_brand":[],"product_cat":[358,2429,369,371,370],"product_tag":[],"class_list":{"0":"post-27101","1":"product","2":"type-product","3":"status-publish","4":"has-post-thumbnail","6":"product_cat-dilna-stavba-zahrada","7":"product_cat-heureka-cz","8":"product_cat-zahrada","9":"product_cat-zahradni-grily","10":"product_cat-zahradni-grily-krby-a-udirny","12":"first","13":"instock","14":"taxable","15":"shipping-taxable","16":"purchasable","17":"product-type-simple","18":"entry","19":"content-bg","20":"loop-entry"},"_links":{"self":[{"href":"http:\/\/www.outlet-electro.cz\/index.php\/wp-json\/wp\/v2\/product\/27101","targetHints":{"allow":["GET"]}}],"collection":[{"href":"http:\/\/www.outlet-electro.cz\/index.php\/wp-json\/wp\/v2\/product"}],"about":[{"href":"http:\/\/www.outlet-electro.cz\/index.php\/wp-json\/wp\/v2\/types\/product"}],"replies":[{"embeddable":true,"href":"http:\/\/www.outlet-electro.cz\/index.php\/wp-json\/wp\/v2\/comments?post=27101"}],"wp:featuredmedia":[{"embeddable":true,"href":"http:\/\/www.outlet-electro.cz\/index.php\/wp-json\/wp\/v2\/media\/27102"}],"wp:attachment":[{"href":"http:\/\/www.outlet-electro.cz\/index.php\/wp-json\/wp\/v2\/media?parent=27101"}],"wp:term":[{"taxonomy":"product_brand","embeddable":true,"href":"http:\/\/www.outlet-electro.cz\/index.php\/wp-json\/wp\/v2\/product_brand?post=27101"},{"taxonomy":"product_cat","embeddable":true,"href":"http:\/\/www.outlet-electro.cz\/index.php\/wp-json\/wp\/v2\/product_cat?post=27101"},{"taxonomy":"product_tag","embeddable":true,"href":"http:\/\/www.outlet-electro.cz\/index.php\/wp-json\/wp\/v2\/product_tag?post=27101"}],"curies":[{"name":"wp","href":"https:\/\/api.w.org\/{rel}","templated":true}]}}