{"id":27057,"date":"2026-01-26T11:24:36","date_gmt":"2026-01-26T10:24:36","guid":{"rendered":"https:\/\/www.outlet-electro.cz\/index.php\/produkt\/miska-na-ovoce-cervena\/"},"modified":"2026-01-26T11:24:38","modified_gmt":"2026-01-26T10:24:38","slug":"dekorativni-miska-na-ovoce-cervena","status":"publish","type":"product","link":"http:\/\/www.outlet-electro.cz\/index.php\/produkt\/dekorativni-miska-na-ovoce-cervena\/","title":{"rendered":"Dekorativn\u00ed miska na ovoce \u010derven\u00e1"},"content":{"rendered":"<p><span>P\u0159ineste do sv\u00e9 kuchyn\u011b \u0161mrnc s touto \u00fa\u017easnou miskou na ovoce vyrobenou pomoc\u00ed 3D tisku!  <\/span><\/p>\n<p><span>Tento \u010derven\u00fd z\u00e1zrak vyroben\u00fd z PetG materi\u00e1lu je nejen praktick\u00fd, ale tak\u00e9 neskute\u010dn\u011b stylov\u00fd. S v\u00fd\u0161kou 10,5 cm a rozm\u011bry 10,5 cm ve spodn\u00edm pr\u016fm\u011bru a 20,5 cm v horn\u00edm pr\u016fm\u011bru je tato miska jako stvo\u0159en\u00e1 pro va\u0161e obl\u00edben\u00e9 ovoce \u2013 od jablek a\u017e po exotick\u00e9 plody.<\/span><\/p>\n<p><span>Jej\u00ed jasn\u00e1 \u010derven\u00e1 barva nejen p\u0159itahuje pozornost, ale tak\u00e9 dod\u00e1 va\u0161\u00ed kuchyni \u017eivost a energii. Perfektn\u00ed pro ka\u017edodenn\u00ed pou\u017eit\u00ed nebo jako dekorativn\u00ed prvek, kter\u00fd p\u0159im\u011bje ka\u017ed\u00e9ho zastavit se a obdivovat va\u0161i v\u00fdbavu. A d\u00edky pevn\u00e9mu materi\u00e1lu PetG se nemus\u00edte b\u00e1t, \u017ee by se miska snadno po\u0161kodila.<\/span><\/p>\n<p><span>Ud\u011blejte ze sv\u00e9 kuchyn\u011b skute\u010dnou o\u00e1zu stylu s touto \u00fa\u017easnou \u010dervenou miskou na ovoce \u2013 a nechte sv\u00e9 ovoce vyniknout jako nikdy p\u0159edt\u00edm!  \u2728<\/span><\/p>\n<p>&nbsp;P\u0159i odb\u011bru v\u011bt\u0161\u00edho mno\u017estv\u00ed n\u00e1m cinkn\u011bte a domluv\u00edme se.&nbsp;<\/p>\n<p>&nbsp;<\/p>\n","protected":false},"excerpt":{"rendered":"<p>P\u0159ineste do sv\u00e9 kuchyn\u011b \u0161mrnc s touto \u00fa\u017easnou miskou na ovoce vyrobenou pomoc\u00ed 3D tisku! Tento \u010derven\u00fd z\u00e1zrak vyroben\u00fd z PetG materi\u00e1lu je nejen praktick\u00fd, ale tak\u00e9 neskute\u010dn\u011b stylov\u00fd. S v\u00fd\u0161kou 10,5 cm a rozm\u011bry 10,5 cm ve spodn\u00edm pr\u016fm\u011bru a 20,5 cm v horn\u00edm pr\u016fm\u011bru je tato miska jako stvo\u0159en\u00e1 pro va\u0161e obl\u00edben\u00e9 ovoce&#8230;<\/p>\n","protected":false},"featured_media":27819,"comment_status":"closed","ping_status":"open","template":"","meta":{"_kadence_starter_templates_imported_post":false,"_kad_post_transparent":"","_kad_post_title":"","_kad_post_layout":"","_kad_post_sidebar_id":"","_kad_post_content_style":"","_kad_post_vertical_padding":"","_kad_post_feature":"","_kad_post_feature_position":"","_kad_post_header":false,"_kad_post_footer":false,"_kad_post_classname":""},"product_brand":[],"product_cat":[379,408,409,2429,2331,490],"product_tag":[],"class_list":{"0":"post-27057","1":"product","2":"type-product","3":"status-publish","4":"has-post-thumbnail","6":"product_cat-bydleni-a-doplnky","7":"product_cat-bytove-doplnky","8":"product_cat-doplnky-do-kuchyne","9":"product_cat-heureka-cz","10":"product_cat-misy-a-misky","11":"product_cat-stolovani","13":"first","14":"instock","15":"taxable","16":"shipping-taxable","17":"purchasable","18":"product-type-simple","19":"entry","20":"content-bg","21":"loop-entry"},"_links":{"self":[{"href":"http:\/\/www.outlet-electro.cz\/index.php\/wp-json\/wp\/v2\/product\/27057","targetHints":{"allow":["GET"]}}],"collection":[{"href":"http:\/\/www.outlet-electro.cz\/index.php\/wp-json\/wp\/v2\/product"}],"about":[{"href":"http:\/\/www.outlet-electro.cz\/index.php\/wp-json\/wp\/v2\/types\/product"}],"replies":[{"embeddable":true,"href":"http:\/\/www.outlet-electro.cz\/index.php\/wp-json\/wp\/v2\/comments?post=27057"}],"wp:featuredmedia":[{"embeddable":true,"href":"http:\/\/www.outlet-electro.cz\/index.php\/wp-json\/wp\/v2\/media\/27819"}],"wp:attachment":[{"href":"http:\/\/www.outlet-electro.cz\/index.php\/wp-json\/wp\/v2\/media?parent=27057"}],"wp:term":[{"taxonomy":"product_brand","embeddable":true,"href":"http:\/\/www.outlet-electro.cz\/index.php\/wp-json\/wp\/v2\/product_brand?post=27057"},{"taxonomy":"product_cat","embeddable":true,"href":"http:\/\/www.outlet-electro.cz\/index.php\/wp-json\/wp\/v2\/product_cat?post=27057"},{"taxonomy":"product_tag","embeddable":true,"href":"http:\/\/www.outlet-electro.cz\/index.php\/wp-json\/wp\/v2\/product_tag?post=27057"}],"curies":[{"name":"wp","href":"https:\/\/api.w.org\/{rel}","templated":true}]}}