{"id":27004,"date":"2026-01-26T11:24:32","date_gmt":"2026-01-26T10:24:32","guid":{"rendered":"https:\/\/www.outlet-electro.cz\/index.php\/produkt\/albatros-4-kamaradi-v-akci-zpevakuv-amulet\/"},"modified":"2026-01-26T11:24:33","modified_gmt":"2026-01-26T10:24:33","slug":"albatros-4-kamaradi-v-akci-zpevakuv-amulet","status":"publish","type":"product","link":"http:\/\/www.outlet-electro.cz\/index.php\/produkt\/albatros-4-kamaradi-v-akci-zpevakuv-amulet\/","title":{"rendered":"Albatros 4 kamar\u00e1di v akci &#8211; Zp\u011bv\u00e1k\u016fv amulet"},"content":{"rendered":"<p><span>\u010cten\u00e1\u0159\u016fm dob\u0159e zn\u00e1m\u00e1 parta \u010dty\u0159 mlad\u00fdch detektiv\u016f je tentokr\u00e1t na stop\u011b tajemstv\u00ed podivn\u00e9ho amuletu. Pov\u011br\u010div\u00fd zp\u011bv\u00e1k, z\u00e1hadn\u00e1 \u017eena, mezin\u00e1rodn\u011b hledan\u00fd podvodn\u00edk i vychytral\u00fd detektiv, ti v\u0161ichni p\u00e1traj\u00ed po mocn\u00e9m amuletu. Zv\u00edt\u011bz\u00ed i tentokr\u00e1t sehran\u00fd t\u00fdm kamar\u00e1d\u016f?<\/span><\/p>\n<p><span>Bazarov\u00fd produkt, z\u00e1ruka 12 m\u011bs\u00edc\u016f<\/span><\/p>\n","protected":false},"excerpt":{"rendered":"<p>\u010cten\u00e1\u0159\u016fm dob\u0159e zn\u00e1m\u00e1 parta \u010dty\u0159 mlad\u00fdch detektiv\u016f je tentokr\u00e1t na stop\u011b tajemstv\u00ed podivn\u00e9ho amuletu. Pov\u011br\u010div\u00fd zp\u011bv\u00e1k, z\u00e1hadn\u00e1 \u017eena, mezin\u00e1rodn\u011b hledan\u00fd podvodn\u00edk i vychytral\u00fd detektiv, ti v\u0161ichni p\u00e1traj\u00ed po mocn\u00e9m amuletu. Zv\u00edt\u011bz\u00ed i tentokr\u00e1t sehran\u00fd t\u00fdm kamar\u00e1d\u016f? Bazarov\u00fd produkt, z\u00e1ruka 12 m\u011bs\u00edc\u016f<\/p>\n","protected":false},"featured_media":27005,"comment_status":"closed","ping_status":"open","template":"","meta":{"_kadence_starter_templates_imported_post":false,"_kad_post_transparent":"","_kad_post_title":"","_kad_post_layout":"","_kad_post_sidebar_id":"","_kad_post_content_style":"","_kad_post_vertical_padding":"","_kad_post_feature":"","_kad_post_feature_position":"","_kad_post_header":false,"_kad_post_footer":false,"_kad_post_classname":""},"product_brand":[],"product_cat":[2430,2338,2429,2431],"product_tag":[],"class_list":{"0":"post-27004","1":"product","2":"type-product","3":"status-publish","4":"has-post-thumbnail","6":"product_cat-cetba","7":"product_cat-filmy-knihy-hry","8":"product_cat-heureka-cz","9":"product_cat-knihy","11":"first","12":"instock","13":"taxable","14":"shipping-taxable","15":"purchasable","16":"product-type-simple","17":"entry","18":"content-bg","19":"loop-entry"},"_links":{"self":[{"href":"http:\/\/www.outlet-electro.cz\/index.php\/wp-json\/wp\/v2\/product\/27004","targetHints":{"allow":["GET"]}}],"collection":[{"href":"http:\/\/www.outlet-electro.cz\/index.php\/wp-json\/wp\/v2\/product"}],"about":[{"href":"http:\/\/www.outlet-electro.cz\/index.php\/wp-json\/wp\/v2\/types\/product"}],"replies":[{"embeddable":true,"href":"http:\/\/www.outlet-electro.cz\/index.php\/wp-json\/wp\/v2\/comments?post=27004"}],"wp:featuredmedia":[{"embeddable":true,"href":"http:\/\/www.outlet-electro.cz\/index.php\/wp-json\/wp\/v2\/media\/27005"}],"wp:attachment":[{"href":"http:\/\/www.outlet-electro.cz\/index.php\/wp-json\/wp\/v2\/media?parent=27004"}],"wp:term":[{"taxonomy":"product_brand","embeddable":true,"href":"http:\/\/www.outlet-electro.cz\/index.php\/wp-json\/wp\/v2\/product_brand?post=27004"},{"taxonomy":"product_cat","embeddable":true,"href":"http:\/\/www.outlet-electro.cz\/index.php\/wp-json\/wp\/v2\/product_cat?post=27004"},{"taxonomy":"product_tag","embeddable":true,"href":"http:\/\/www.outlet-electro.cz\/index.php\/wp-json\/wp\/v2\/product_tag?post=27004"}],"curies":[{"name":"wp","href":"https:\/\/api.w.org\/{rel}","templated":true}]}}