{"id":26998,"date":"2026-01-26T11:24:32","date_gmt":"2026-01-26T10:24:32","guid":{"rendered":"https:\/\/www.outlet-electro.cz\/index.php\/produkt\/albatros-4-kamaradi-v-akci-lod-duchu\/"},"modified":"2026-01-26T11:24:33","modified_gmt":"2026-01-26T10:24:33","slug":"albatros-4-kamaradi-v-akci-lod-duchu","status":"publish","type":"product","link":"http:\/\/www.outlet-electro.cz\/index.php\/produkt\/albatros-4-kamaradi-v-akci-lod-duchu\/","title":{"rendered":"Albatros 4 kamar\u00e1di v akci &#8211; Lo\u010f duch\u016f"},"content":{"rendered":"<p><span>Na R\u00fdn\u011b se objev\u00ed z\u00e1hadn\u00e1 lo\u010f pln\u00e1 kostlivc\u016f a u toho parta detektiv\u016f nem\u016f\u017ee chyb\u011bt. A je\u0161t\u011b k tomu je sout\u011b\u017e Supermozk\u016f, kter\u00e9 se \u010cty\u0159ka samoz\u0159ejm\u011b \u00fa\u010dastn\u00ed, op\u0159edena mnoha podivn\u00fdmi ud\u00e1lostmi. Poda\u0159\u00ed se jim i tentokr\u00e1t p\u0159es smrteln\u00e9 nebezpe\u010d\u00ed odhalit tato zneklid\u0148uj\u00edc\u00ed tajemstv\u00ed?<\/span><\/p>\n<p><span>Bazarov\u00fd produkt, z\u00e1ruka 12 m\u011bs\u00edc\u016f<\/span><\/p>\n","protected":false},"excerpt":{"rendered":"<p>Na R\u00fdn\u011b se objev\u00ed z\u00e1hadn\u00e1 lo\u010f pln\u00e1 kostlivc\u016f a u toho parta detektiv\u016f nem\u016f\u017ee chyb\u011bt. A je\u0161t\u011b k tomu je sout\u011b\u017e Supermozk\u016f, kter\u00e9 se \u010cty\u0159ka samoz\u0159ejm\u011b \u00fa\u010dastn\u00ed, op\u0159edena mnoha podivn\u00fdmi ud\u00e1lostmi. Poda\u0159\u00ed se jim i tentokr\u00e1t p\u0159es smrteln\u00e9 nebezpe\u010d\u00ed odhalit tato zneklid\u0148uj\u00edc\u00ed tajemstv\u00ed? Bazarov\u00fd produkt, z\u00e1ruka 12 m\u011bs\u00edc\u016f<\/p>\n","protected":false},"featured_media":26999,"comment_status":"closed","ping_status":"open","template":"","meta":{"_kadence_starter_templates_imported_post":false,"_kad_post_transparent":"","_kad_post_title":"","_kad_post_layout":"","_kad_post_sidebar_id":"","_kad_post_content_style":"","_kad_post_vertical_padding":"","_kad_post_feature":"","_kad_post_feature_position":"","_kad_post_header":false,"_kad_post_footer":false,"_kad_post_classname":""},"product_brand":[],"product_cat":[2430,2338,2429,2431],"product_tag":[],"class_list":{"0":"post-26998","1":"product","2":"type-product","3":"status-publish","4":"has-post-thumbnail","6":"product_cat-cetba","7":"product_cat-filmy-knihy-hry","8":"product_cat-heureka-cz","9":"product_cat-knihy","11":"first","12":"instock","13":"taxable","14":"shipping-taxable","15":"purchasable","16":"product-type-simple","17":"entry","18":"content-bg","19":"loop-entry"},"_links":{"self":[{"href":"http:\/\/www.outlet-electro.cz\/index.php\/wp-json\/wp\/v2\/product\/26998","targetHints":{"allow":["GET"]}}],"collection":[{"href":"http:\/\/www.outlet-electro.cz\/index.php\/wp-json\/wp\/v2\/product"}],"about":[{"href":"http:\/\/www.outlet-electro.cz\/index.php\/wp-json\/wp\/v2\/types\/product"}],"replies":[{"embeddable":true,"href":"http:\/\/www.outlet-electro.cz\/index.php\/wp-json\/wp\/v2\/comments?post=26998"}],"wp:featuredmedia":[{"embeddable":true,"href":"http:\/\/www.outlet-electro.cz\/index.php\/wp-json\/wp\/v2\/media\/26999"}],"wp:attachment":[{"href":"http:\/\/www.outlet-electro.cz\/index.php\/wp-json\/wp\/v2\/media?parent=26998"}],"wp:term":[{"taxonomy":"product_brand","embeddable":true,"href":"http:\/\/www.outlet-electro.cz\/index.php\/wp-json\/wp\/v2\/product_brand?post=26998"},{"taxonomy":"product_cat","embeddable":true,"href":"http:\/\/www.outlet-electro.cz\/index.php\/wp-json\/wp\/v2\/product_cat?post=26998"},{"taxonomy":"product_tag","embeddable":true,"href":"http:\/\/www.outlet-electro.cz\/index.php\/wp-json\/wp\/v2\/product_tag?post=26998"}],"curies":[{"name":"wp","href":"https:\/\/api.w.org\/{rel}","templated":true}]}}