{"id":23448,"date":"2026-01-26T11:25:10","date_gmt":"2026-01-26T10:25:10","guid":{"rendered":"https:\/\/www.outlet-electro.cz\/index.php\/produkt\/fieldmann-fdzn-4002\/"},"modified":"2026-01-26T11:25:12","modified_gmt":"2026-01-26T10:25:12","slug":"kompaktni-multifunkcni-robot-ikohs-chefbot-compact","status":"publish","type":"product","link":"http:\/\/www.outlet-electro.cz\/index.php\/produkt\/kompaktni-multifunkcni-robot-ikohs-chefbot-compact\/","title":{"rendered":"Kompaktn\u00ed multifunk\u010dn\u00ed robot Ikohs Chefbot Compact"},"content":{"rendered":"<p><span>Seznamte se s kompaktn\u00edm multifunk\u010dn\u00edm robotem Ikohs Chefbot Compact \u2013 va\u0161\u00edm kuchy\u0148sk\u00fdm kouzeln\u00edkem, kter\u00fd zvl\u00e1dne t\u00e9m\u011b\u0159 ka\u017edou kulin\u00e1\u0159skou v\u00fdzvu!  \u2728<\/span><\/p>\n<p><span>Tento \u0161ikovn\u00fd pomocn\u00edk um\u00ed v\u0161e od va\u0159en\u00ed v p\u00e1\u0159e p\u0159es hn\u011bten\u00ed t\u011bsta, restov\u00e1n\u00ed, mlet\u00ed a\u017e po p\u0159\u00edpravu om\u00e1\u010dek a kr\u00e9m\u016f \u2013 v\u0161e pouh\u00fdm nastaven\u00edm <strong>\u010dasu a \u00farovn\u011b va\u0159en\u00ed<\/strong>. Obsahuje tak\u00e9 <strong>knihu 100 recept\u016f<\/strong>, d\u00edky kter\u00e9 nikdy nevy\u010derp\u00e1te inspiraci, a jeho v\u0161estrannost je p\u0159izp\u016fsoben\u00e1 pot\u0159eb\u00e1m cel\u00e9 rodiny.<\/span><\/p>\n<p><span>Hlavn\u00ed kouzla:<\/span><\/p>\n<ul>\n<li>\n<p><span><strong>10 rychlost\u00ed + turbo<\/strong>: Dokonal\u00e9 nastaven\u00ed pro ka\u017ed\u00fd recept.<\/span><\/p>\n<\/li>\n<li>\n<p><span><strong>Teploty va\u0159en\u00ed 37\u2013120 \u00b0C<\/strong>: Od jemn\u00e9ho zah\u0159\u00e1t\u00ed po intenzivn\u00ed va\u0159en\u00ed.<\/span><\/p>\n<\/li>\n<li>\n<p><span><strong>90 minut nep\u0159etr\u017eit\u00e9ho provozu<\/strong>: Ide\u00e1ln\u00ed pro v\u011bt\u0161\u00ed kucha\u0159sk\u00e9 projekty.<\/span><\/p>\n<\/li>\n<\/ul>\n<p><span>Dal\u0161\u00ed vychyt\u00e1vky:<\/span><\/p>\n<ul>\n<li>\n<p><span><strong>Bez BPA a netoxick\u00e9 materi\u00e1ly<\/strong>: Zdrav\u00ed na prvn\u00edm m\u00edst\u011b.<\/span><\/p>\n<\/li>\n<li>\n<p><span><strong>Vhodn\u00e9 do my\u010dky n\u00e1dob\u00ed<\/strong>: Pohodln\u00e9 \u010di\u0161t\u011bn\u00ed bez starost\u00ed.<\/span><\/p>\n<\/li>\n<li>\n<p><span><strong>Stylov\u00fd, kompaktn\u00ed design<\/strong>: Perfektn\u011b zapadne i do men\u0161\u00ed kuchyn\u011b.<\/span><\/p>\n<\/li>\n<\/ul>\n<p><span>Kompaktn\u00ed multifunk\u010dn\u00ed robot Ikohs Chefbot Compact nen\u00ed jen kuchy\u0148sk\u00fd robot \u2013 je to v\u00e1\u0161 kreativn\u00ed partner, kter\u00fd prom\u011bn\u00ed va\u0159en\u00ed v radostnou a snadnou \u010dinnost. P\u0159ipravte se na nekone\u010dn\u00e9 mo\u017enosti chutn\u00fdch j\u00eddel!  \u2728<\/span><\/p>\n<p>&nbsp;<\/p>\n<p><span>Bazarov\u00fd produkt, z\u00e1ruka 12 m\u011bs\u00edc\u016f.<\/span><\/p>\n","protected":false},"excerpt":{"rendered":"<p>Seznamte se s kompaktn\u00edm multifunk\u010dn\u00edm robotem Ikohs Chefbot Compact \u2013 va\u0161\u00edm kuchy\u0148sk\u00fdm kouzeln\u00edkem, kter\u00fd zvl\u00e1dne t\u00e9m\u011b\u0159 ka\u017edou kulin\u00e1\u0159skou v\u00fdzvu! \u2728 Tento \u0161ikovn\u00fd pomocn\u00edk um\u00ed v\u0161e od va\u0159en\u00ed v p\u00e1\u0159e p\u0159es hn\u011bten\u00ed t\u011bsta, restov\u00e1n\u00ed, mlet\u00ed a\u017e po p\u0159\u00edpravu om\u00e1\u010dek a kr\u00e9m\u016f \u2013 v\u0161e pouh\u00fdm nastaven\u00edm \u010dasu a \u00farovn\u011b va\u0159en\u00ed. Obsahuje tak\u00e9 knihu 100 recept\u016f, d\u00edky kter\u00e9&#8230;<\/p>\n","protected":false},"featured_media":27412,"comment_status":"closed","ping_status":"open","template":"","meta":{"_kadence_starter_templates_imported_post":false,"_kad_post_transparent":"","_kad_post_title":"","_kad_post_layout":"","_kad_post_sidebar_id":"","_kad_post_content_style":"","_kad_post_vertical_padding":"","_kad_post_feature":"","_kad_post_feature_position":"","_kad_post_header":false,"_kad_post_footer":false,"_kad_post_classname":""},"product_brand":[],"product_cat":[333,2429,405,334,341,2051,2052,340],"product_tag":[],"class_list":{"0":"post-23448","1":"product","2":"type-product","3":"status-publish","4":"has-post-thumbnail","6":"product_cat-domaci-a-osobni-spotrebice","7":"product_cat-heureka-cz","8":"product_cat-kuchynske-roboty","9":"product_cat-kuchynske-spotrebice","10":"product_cat-male-kuchynske-spotrebice","11":"product_cat-mi","12":"product_cat-ovani-a-slehani","13":"product_cat-priprava-jidla","15":"first","16":"instock","17":"taxable","18":"shipping-taxable","19":"purchasable","20":"product-type-simple","21":"entry","22":"content-bg","23":"loop-entry"},"_links":{"self":[{"href":"http:\/\/www.outlet-electro.cz\/index.php\/wp-json\/wp\/v2\/product\/23448","targetHints":{"allow":["GET"]}}],"collection":[{"href":"http:\/\/www.outlet-electro.cz\/index.php\/wp-json\/wp\/v2\/product"}],"about":[{"href":"http:\/\/www.outlet-electro.cz\/index.php\/wp-json\/wp\/v2\/types\/product"}],"replies":[{"embeddable":true,"href":"http:\/\/www.outlet-electro.cz\/index.php\/wp-json\/wp\/v2\/comments?post=23448"}],"wp:featuredmedia":[{"embeddable":true,"href":"http:\/\/www.outlet-electro.cz\/index.php\/wp-json\/wp\/v2\/media\/27412"}],"wp:attachment":[{"href":"http:\/\/www.outlet-electro.cz\/index.php\/wp-json\/wp\/v2\/media?parent=23448"}],"wp:term":[{"taxonomy":"product_brand","embeddable":true,"href":"http:\/\/www.outlet-electro.cz\/index.php\/wp-json\/wp\/v2\/product_brand?post=23448"},{"taxonomy":"product_cat","embeddable":true,"href":"http:\/\/www.outlet-electro.cz\/index.php\/wp-json\/wp\/v2\/product_cat?post=23448"},{"taxonomy":"product_tag","embeddable":true,"href":"http:\/\/www.outlet-electro.cz\/index.php\/wp-json\/wp\/v2\/product_tag?post=23448"}],"curies":[{"name":"wp","href":"https:\/\/api.w.org\/{rel}","templated":true}]}}